CRAN Package Check Results for Package mlr3shiny

Last updated on 2022-01-19 23:49:04 CET.

Flavor Version Tinstall Tcheck Ttotal Status Flags
r-devel-linux-x86_64-debian-clang 0.2.0 OK
r-devel-linux-x86_64-debian-gcc 0.2.0 1.87 24.58 26.45 OK
r-devel-linux-x86_64-fedora-clang 0.2.0 44.03 NOTE
r-devel-linux-x86_64-fedora-gcc 0.2.0 31.75 NOTE
r-devel-windows-x86_64-new-UL 0.2.0 156.00 49.00 205.00 OK
r-devel-windows-x86_64-new-TK 0.2.0 NOTE
r-patched-linux-x86_64 0.2.0 2.33 30.46 32.79 OK
r-release-linux-x86_64 0.2.0 OK
r-release-macos-arm64 0.2.0 NOTE
r-release-macos-x86_64 0.2.0 NOTE
r-release-windows-ix86+x86_64 0.2.0 6.00 44.00 50.00 OK
r-oldrel-macos-x86_64 0.2.0 NOTE
r-oldrel-windows-ix86+x86_64 0.2.0 10.00 43.00 53.00 OK

Check Details

Version: 0.2.0
Check: dependencies in R code
Result: NOTE
    Namespaces in Imports field not imported from:
     ‘DT’ ‘data.table’ ‘e1071’ ‘mlr3’ ‘mlr3learners’ ‘mlr3measures’ ‘plyr’
     ‘purrr’ ‘ranger’ ‘readxl’ ‘shinyWidgets’ ‘shinyalert’
     ‘shinydashboard’ ‘shinyjs’ ‘shinythemes’ ‘stats’ ‘stringr’
     All declared Imports should be used.
Flavors: r-devel-linux-x86_64-fedora-clang, r-devel-linux-x86_64-fedora-gcc, r-devel-windows-x86_64-new-TK, r-release-macos-arm64, r-release-macos-x86_64, r-oldrel-macos-x86_64