CRAN Package Check Results for Package mlrintermbo

Last updated on 2021-08-01 23:49:31 CEST.

Flavor Version Tinstall Tcheck Ttotal Status Flags
r-devel-linux-x86_64-debian-clang 0.5.0 4.37 419.06 423.43 NOTE
r-devel-linux-x86_64-debian-gcc 0.5.0 3.53 292.21 295.74 NOTE
r-devel-linux-x86_64-fedora-clang 0.5.0 492.24 NOTE
r-devel-linux-x86_64-fedora-gcc 0.5.0 361.12 NOTE
r-devel-windows-x86_64 0.5.0 5.00 382.00 387.00 NOTE
r-devel-windows-x86_64-gcc10-UCRT 0.5.0 NOTE
r-patched-linux-x86_64 0.5.0 NOTE
r-patched-solaris-x86 0.5.0 600.70 NOTE
r-release-linux-x86_64 0.5.0 4.20 376.39 380.59 NOTE
r-release-macos-arm64 0.5.0 NOTE
r-release-macos-x86_64 0.5.0 NOTE
r-release-windows-ix86+x86_64 0.5.0 9.00 381.00 390.00 NOTE
r-oldrel-macos-x86_64 0.5.0 OK
r-oldrel-windows-ix86+x86_64 0.5.0 8.00 401.00 409.00 OK

Check Details

Version: 0.5.0
Check: LazyData
Result: NOTE
     'LazyData' is specified without a 'data' directory
Flavors: r-devel-linux-x86_64-debian-clang, r-devel-linux-x86_64-debian-gcc, r-devel-linux-x86_64-fedora-clang, r-devel-linux-x86_64-fedora-gcc, r-devel-windows-x86_64, r-devel-windows-x86_64-gcc10-UCRT, r-patched-linux-x86_64, r-patched-solaris-x86, r-release-linux-x86_64, r-release-macos-arm64, r-release-macos-x86_64, r-release-windows-ix86+x86_64