Last updated on 2024-04-19 18:05:33 CEST.
Flavor | Version | Tinstall | Tcheck | Ttotal | Status | Flags |
---|---|---|---|---|---|---|
r-devel-linux-x86_64-debian-clang | 1.5 | 4.49 | 40.00 | 44.49 | NOTE | |
r-devel-linux-x86_64-debian-gcc | 1.5 | NOTE | ||||
r-devel-linux-x86_64-fedora-clang | 1.5 | 55.83 | NOTE | |||
r-devel-linux-x86_64-fedora-gcc | 1.5 | 53.88 | NOTE | |||
r-prerel-macos-arm64 | 1.5 | 17.00 | NOTE | |||
r-prerel-windows-x86_64 | 1.5 | 6.00 | 43.00 | 49.00 | NOTE | |
r-patched-linux-x86_64 | 1.5 | 5.06 | 38.63 | 43.69 | NOTE | |
r-release-linux-x86_64 | 1.5 | 4.99 | 37.90 | 42.89 | OK | |
r-release-macos-arm64 | 1.5 | 22.00 | OK | |||
r-release-macos-x86_64 | 1.5 | 50.00 | OK | |||
r-release-windows-x86_64 | 1.5 | 6.00 | 51.00 | 57.00 | OK | |
r-oldrel-macos-arm64 | 1.5 | 23.00 | OK | |||
r-oldrel-windows-x86_64 | 1.5 | 7.00 | 52.00 | 59.00 | OK |
Version: 1.5
Check: Rd files
Result: NOTE
checkRd: (-1) mmeln.Rd:69: Lost braces; missing escapes or markup?
69 | \item{obj$M}{Number of total observations sum_{i=1}^N(pi)}
| ^
Flavors: r-devel-linux-x86_64-debian-clang, r-devel-linux-x86_64-debian-gcc, r-devel-linux-x86_64-fedora-clang, r-devel-linux-x86_64-fedora-gcc, r-prerel-macos-arm64, r-prerel-windows-x86_64, r-patched-linux-x86_64