Last updated on 2024-04-26 11:52:44 CEST.
Flavor | Version | Tinstall | Tcheck | Ttotal | Status | Flags |
---|---|---|---|---|---|---|
r-devel-linux-x86_64-debian-clang | 0.0.5 | 2.94 | 42.57 | 45.51 | NOTE | |
r-devel-linux-x86_64-debian-gcc | 0.0.5 | 2.27 | 32.78 | 35.05 | NOTE | |
r-devel-linux-x86_64-fedora-clang | 0.0.5 | 60.05 | NOTE | |||
r-devel-linux-x86_64-fedora-gcc | 0.0.5 | 68.53 | NOTE | |||
r-devel-windows-x86_64 | 0.0.5 | 3.00 | 54.00 | 57.00 | NOTE | |
r-patched-linux-x86_64 | 0.0.5 | 3.08 | 41.70 | 44.78 | NOTE | |
r-release-linux-x86_64 | 0.0.5 | 1.76 | 40.21 | 41.97 | NOTE | |
r-release-macos-arm64 | 0.0.5 | 27.00 | NOTE | |||
r-release-windows-x86_64 | 0.0.5 | 3.00 | 53.00 | 56.00 | NOTE | |
r-oldrel-macos-arm64 | 0.0.5 | 26.00 | NOTE | |||
r-oldrel-macos-x86_64 | 0.0.5 | 38.00 | NOTE | |||
r-oldrel-windows-x86_64 | 0.0.5 | 3.00 | 60.00 | 63.00 | NOTE |
Version: 0.0.5
Check: package subdirectories
Result: NOTE
Problems with news in ‘NEWS.md’:
No news entries found.
Flavors: r-devel-linux-x86_64-debian-clang, r-devel-linux-x86_64-debian-gcc, r-devel-linux-x86_64-fedora-clang, r-devel-linux-x86_64-fedora-gcc, r-devel-windows-x86_64, r-patched-linux-x86_64, r-release-linux-x86_64, r-release-macos-arm64, r-release-windows-x86_64, r-oldrel-macos-arm64, r-oldrel-macos-x86_64, r-oldrel-windows-x86_64
Version: 0.0.5
Check: LazyData
Result: NOTE
'LazyData' is specified without a 'data' directory
Flavors: r-devel-linux-x86_64-debian-clang, r-devel-linux-x86_64-debian-gcc, r-devel-linux-x86_64-fedora-clang, r-devel-linux-x86_64-fedora-gcc, r-devel-windows-x86_64, r-patched-linux-x86_64, r-release-linux-x86_64, r-release-macos-arm64, r-release-windows-x86_64, r-oldrel-macos-arm64, r-oldrel-macos-x86_64, r-oldrel-windows-x86_64