CRAN Package Check Results for Package mmpf

Last updated on 2023-04-01 11:51:33 CEST.

Flavor Version Tinstall Tcheck Ttotal Status Flags
r-devel-linux-x86_64-debian-clang 0.0.5 2.91 39.87 42.78 NOTE
r-devel-linux-x86_64-debian-gcc 0.0.5 1.74 29.49 31.23 NOTE
r-devel-linux-x86_64-fedora-clang 0.0.5 52.90 NOTE
r-devel-linux-x86_64-fedora-gcc 0.0.5 60.09 NOTE
r-devel-windows-x86_64 0.0.5 5.00 74.00 79.00 NOTE
r-patched-linux-x86_64 0.0.5 2.91 36.66 39.57 NOTE
r-release-linux-x86_64 0.0.5 1.68 37.51 39.19 NOTE
r-release-macos-arm64 0.0.5 24.00 NOTE
r-release-macos-x86_64 0.0.5 30.00 NOTE
r-release-windows-x86_64 0.0.5 17.00 75.00 92.00 NOTE
r-oldrel-macos-arm64 0.0.5 30.00 NOTE
r-oldrel-macos-x86_64 0.0.5 36.00 NOTE
r-oldrel-windows-ix86+x86_64 0.0.5 7.00 66.00 73.00 NOTE

Check Details

Version: 0.0.5
Check: package subdirectories
Result: NOTE
    Problems with news in ‘NEWS.md’:
    No news entries found.
Flavors: r-devel-linux-x86_64-debian-clang, r-devel-linux-x86_64-debian-gcc, r-devel-linux-x86_64-fedora-clang, r-devel-linux-x86_64-fedora-gcc, r-devel-windows-x86_64, r-patched-linux-x86_64

Version: 0.0.5
Check: LazyData
Result: NOTE
     'LazyData' is specified without a 'data' directory
Flavors: r-devel-linux-x86_64-debian-clang, r-devel-linux-x86_64-debian-gcc, r-devel-linux-x86_64-fedora-clang, r-devel-linux-x86_64-fedora-gcc, r-devel-windows-x86_64, r-patched-linux-x86_64, r-release-linux-x86_64, r-release-macos-arm64, r-release-macos-x86_64, r-release-windows-x86_64, r-oldrel-macos-arm64, r-oldrel-macos-x86_64, r-oldrel-windows-ix86+x86_64