Last updated on 2023-09-25 18:04:04 CEST.
Flavor | Version | Tinstall | Tcheck | Ttotal | Status | Flags |
---|---|---|---|---|---|---|
r-devel-linux-x86_64-debian-clang | 0.2.2 | 397.81 | 146.03 | 543.84 | OK | |
r-devel-linux-x86_64-debian-gcc | 0.2.2 | 313.19 | 121.00 | 434.19 | OK | |
r-devel-linux-x86_64-fedora-clang | 0.2.2 | 704.06 | NOTE | |||
r-devel-linux-x86_64-fedora-gcc | 0.2.2 | 873.46 | OK | |||
r-devel-windows-x86_64 | 0.2.2 | 294.00 | 190.00 | 484.00 | NOTE | |
r-patched-linux-x86_64 | 0.2.2 | 315.07 | 150.43 | 465.50 | OK | |
r-release-linux-x86_64 | 0.2.2 | 311.33 | 152.13 | 463.46 | OK | |
r-release-macos-arm64 | 0.2.2 | 230.00 | NOTE | |||
r-release-macos-x86_64 | 0.2.2 | 392.00 | NOTE | |||
r-release-windows-x86_64 | 0.2.2 | 396.00 | 251.00 | 647.00 | NOTE | |
r-oldrel-macos-arm64 | 0.2.2 | 186.00 | NOTE | |||
r-oldrel-macos-x86_64 | 0.2.2 | 238.00 | NOTE | |||
r-oldrel-windows-x86_64 | 0.2.2 | 359.00 | 216.00 | 575.00 | NOTE |
Version: 0.2.2
Check: installed package size
Result: NOTE
installed size is 11.5Mb
sub-directories of 1Mb or more:
doc 5.9Mb
libs 5.0Mb
Flavors: r-devel-linux-x86_64-fedora-clang, r-devel-windows-x86_64, r-release-macos-arm64, r-release-macos-x86_64, r-release-windows-x86_64, r-oldrel-macos-arm64, r-oldrel-macos-x86_64, r-oldrel-windows-x86_64