CRAN Package Check Results for Package modelSSE

Last updated on 2024-04-22 17:56:55 CEST.

Flavor Version Tinstall Tcheck Ttotal Status Flags
r-devel-linux-x86_64-debian-clang 0.1-3 2.38 29.96 32.34 NOTE
r-devel-linux-x86_64-debian-gcc 0.1-3 2.61 24.50 27.11 NOTE
r-devel-linux-x86_64-fedora-clang 0.1-3 41.70 NOTE
r-devel-linux-x86_64-fedora-gcc 0.1-3 39.54 NOTE
r-prerel-macos-arm64 0.1-3 17.00 NOTE
r-prerel-windows-x86_64 0.1-3 4.00 45.00 49.00 NOTE
r-patched-linux-x86_64 0.1-3 3.26 29.93 33.19 NOTE
r-release-linux-x86_64 0.1-3 2.88 30.22 33.10 OK
r-release-macos-arm64 0.1-3 20.00 OK
r-release-macos-x86_64 0.1-3 33.00 OK
r-release-windows-x86_64 0.1-3 4.00 48.00 52.00 OK
r-oldrel-macos-arm64 0.1-3 23.00 OK
r-oldrel-windows-x86_64 0.1-3 5.00 49.00 54.00 OK

Check Details

Version: 0.1-3
Check: Rd files
Result: NOTE checkRd: (-1) convert.epipara.to.delappara.Rd:22: Lost braces in \itemize; meant \describe ? checkRd: (-1) convert.epipara.to.delappara.Rd:23: Lost braces in \itemize; meant \describe ? checkRd: (-1) convert.epipara.to.delappara.Rd:24: Lost braces in \itemize; meant \describe ? checkRd: (-1) convert.epipara.to.delappara.Rd:25: Lost braces in \itemize; meant \describe ? checkRd: (-1) convert.epipara.to.delappara.Rd:40: Lost braces in \itemize; meant \describe ? checkRd: (-1) convert.epipara.to.delappara.Rd:41: Lost braces in \itemize; meant \describe ? checkRd: (-1) convert.epipara.to.delappara.Rd:42: Lost braces in \itemize; meant \describe ? checkRd: (-1) convert.epipara.to.delappara.Rd:43: Lost braces in \itemize; meant \describe ? checkRd: (-1) d_nextgenclusterdistn.Rd:58: Lost braces in \itemize; meant \describe ? checkRd: (-1) d_nextgenclusterdistn.Rd:59: Lost braces in \itemize; meant \describe ? checkRd: (-1) d_nextgenclusterdistn.Rd:60: Lost braces in \itemize; meant \describe ? checkRd: (-1) d_nextgenclusterdistn.Rd:61: Lost braces in \itemize; meant \describe ? checkRd: (-1) d_nextgenclusterdistn.Rd:80: Lost braces in \itemize; \value handles \item{}{} directly checkRd: (-1) d_nextgenclusterdistn.Rd:81: Lost braces in \itemize; \value handles \item{}{} directly checkRd: (-1) d_nextgenclusterdistn.Rd:82: Lost braces in \itemize; \value handles \item{}{} directly checkRd: (-1) d_nextgenclusterdistn.Rd:83: Lost braces in \itemize; \value handles \item{}{} directly checkRd: (-1) d_offspringdistn.Rd:50: Lost braces in \itemize; meant \describe ? checkRd: (-1) d_offspringdistn.Rd:51: Lost braces in \itemize; meant \describe ? checkRd: (-1) d_offspringdistn.Rd:52: Lost braces in \itemize; meant \describe ? checkRd: (-1) d_offspringdistn.Rd:53: Lost braces in \itemize; meant \describe ? checkRd: (-1) d_offspringdistn.Rd:84: Lost braces in \itemize; meant \describe ? checkRd: (-1) d_offspringdistn.Rd:85: Lost braces in \itemize; meant \describe ? checkRd: (-1) d_offspringdistn.Rd:86: Lost braces in \itemize; meant \describe ? checkRd: (-1) d_offspringdistn.Rd:87: Lost braces in \itemize; meant \describe ? checkRd: (-1) d_offspringdistn.Rd:72: Lost braces in \itemize; \value handles \item{}{} directly checkRd: (-1) d_offspringdistn.Rd:73: Lost braces in \itemize; \value handles \item{}{} directly checkRd: (-1) d_offspringdistn.Rd:74: Lost braces in \itemize; \value handles \item{}{} directly checkRd: (-1) d_offspringdistn.Rd:75: Lost braces in \itemize; \value handles \item{}{} directly checkRd: (-1) d_outbreakdistn.Rd:59: Lost braces in \itemize; meant \describe ? checkRd: (-1) d_outbreakdistn.Rd:60: Lost braces in \itemize; meant \describe ? checkRd: (-1) d_outbreakdistn.Rd:61: Lost braces in \itemize; meant \describe ? checkRd: (-1) d_outbreakdistn.Rd:62: Lost braces in \itemize; meant \describe ? checkRd: (-1) d_outbreakdistn.Rd:86: Lost braces in \itemize; \value handles \item{}{} directly checkRd: (-1) d_outbreakdistn.Rd:87: Lost braces in \itemize; \value handles \item{}{} directly checkRd: (-1) d_outbreakdistn.Rd:88: Lost braces in \itemize; \value handles \item{}{} directly checkRd: (-1) d_outbreakdistn.Rd:89: Lost braces in \itemize; \value handles \item{}{} directly checkRd: (-1) d_reproductiondistn.Rd:26: Lost braces in \itemize; meant \describe ? checkRd: (-1) d_reproductiondistn.Rd:27: Lost braces in \itemize; meant \describe ? checkRd: (-1) d_reproductiondistn.Rd:28: Lost braces in \itemize; meant \describe ? checkRd: (-1) d_reproductiondistn.Rd:29: Lost braces in \itemize; meant \describe ? checkRd: (-1) mpox_19801984_DRC.Rd:28: Lost braces in \itemize; meant \describe ? checkRd: (-1) mpox_19801984_DRC.Rd:29: Lost braces in \itemize; meant \describe ? checkRd: (-1) mpox_19801984_DRC.Rd:30: Lost braces in \itemize; meant \describe ? checkRd: (-1) mpox_19801984_DRC.Rd:15: Lost braces in \itemize; meant \describe ? checkRd: (-1) mpox_19801984_DRC.Rd:16: Lost braces in \itemize; meant \describe ? checkRd: (-1) mpox_19801984_DRC.Rd:17: Lost braces in \itemize; meant \describe ? checkRd: (-1) overalllikelihood.Rd:25: Lost braces in \itemize; meant \describe ? checkRd: (-1) overalllikelihood.Rd:26: Lost braces in \itemize; meant \describe ? checkRd: (-1) overalllikelihood.Rd:27: Lost braces in \itemize; meant \describe ? checkRd: (-1) overalllikelihood.Rd:28: Lost braces in \itemize; meant \describe ? checkRd: (-1) paraest.MCMC.Rd:31: Lost braces in \itemize; meant \describe ? checkRd: (-1) paraest.MCMC.Rd:32: Lost braces in \itemize; meant \describe ? checkRd: (-1) paraest.MCMC.Rd:33: Lost braces in \itemize; meant \describe ? checkRd: (-1) paraest.MCMC.Rd:34: Lost braces in \itemize; meant \describe ? checkRd: (-1) paraest.MCMC.Rd:59: Lost braces in \itemize; \value handles \item{}{} directly checkRd: (-1) paraest.MCMC.Rd:60: Lost braces in \itemize; \value handles \item{}{} directly checkRd: (-1) paraest.MCMC.Rd:61: Lost braces in \itemize; \value handles \item{}{} directly checkRd: (-1) paraest.ML.Rd:28: Lost braces in \itemize; meant \describe ? checkRd: (-1) paraest.ML.Rd:29: Lost braces in \itemize; meant \describe ? checkRd: (-1) paraest.ML.Rd:30: Lost braces in \itemize; meant \describe ? checkRd: (-1) paraest.ML.Rd:31: Lost braces in \itemize; meant \describe ? checkRd: (-1) paraest.ML.Rd:58: Lost braces in \itemize; \value handles \item{}{} directly checkRd: (-1) paraest.ML.Rd:59: Lost braces in \itemize; \value handles \item{}{} directly checkRd: (-1) paraest.ML.Rd:60: Lost braces in \itemize; \value handles \item{}{} directly checkRd: (-1) tailoffspringQ.Rd:33: Lost braces in \itemize; meant \describe ? checkRd: (-1) tailoffspringQ.Rd:34: Lost braces in \itemize; meant \describe ? checkRd: (-1) tailoffspringQ.Rd:35: Lost braces in \itemize; meant \describe ? checkRd: (-1) tailoffspringQ.Rd:36: Lost braces in \itemize; meant \describe ? Flavors: r-devel-linux-x86_64-debian-clang, r-devel-linux-x86_64-debian-gcc, r-devel-linux-x86_64-fedora-clang, r-devel-linux-x86_64-fedora-gcc, r-prerel-macos-arm64, r-prerel-windows-x86_64, r-patched-linux-x86_64