CRAN Package Check Results for Package modeldata

Last updated on 2021-07-27 11:51:09 CEST.

Flavor Version Tinstall Tcheck Ttotal Status Flags
r-devel-linux-x86_64-debian-clang 0.1.1 2.41 39.17 41.58 OK
r-devel-linux-x86_64-debian-gcc 0.1.1 1.88 31.78 33.66 OK
r-devel-linux-x86_64-fedora-clang 0.1.1 58.74 NOTE
r-devel-linux-x86_64-fedora-gcc 0.1.1 50.55 NOTE
r-devel-windows-x86_64 0.1.1 5.00 63.00 68.00 OK
r-devel-windows-x86_64-gcc10-UCRT 0.1.1 NOTE
r-patched-linux-x86_64 0.1.1 2.67 38.54 41.21 OK
r-patched-solaris-x86 0.1.1 76.70 NOTE
r-release-linux-x86_64 0.1.1 2.40 39.31 41.71 OK
r-release-macos-arm64 0.1.1 NOTE
r-release-macos-x86_64 0.1.1 NOTE
r-release-windows-ix86+x86_64 0.1.1 6.00 64.00 70.00 OK
r-oldrel-macos-x86_64 0.1.1 NOTE
r-oldrel-windows-ix86+x86_64 0.1.1 5.00 61.00 66.00 OK

Check Details

Version: 0.1.1
Check: data for non-ASCII characters
Result: NOTE
     Note: found 313 marked UTF-8 strings
Flavors: r-devel-linux-x86_64-fedora-clang, r-devel-linux-x86_64-fedora-gcc, r-devel-windows-x86_64-gcc10-UCRT, r-patched-solaris-x86, r-release-macos-arm64, r-release-macos-x86_64, r-oldrel-macos-x86_64

Version: 0.1.1
Check: installed package size
Result: NOTE
     installed size is 5.5Mb
     sub-directories of 1Mb or more:
     data 5.3Mb
Flavor: r-patched-solaris-x86