CRAN Package Check Results for Package modelgrid

Last updated on 2019-10-23 11:49:50 CEST.

Flavor Version Tinstall Tcheck Ttotal Status Flags
r-devel-linux-x86_64-debian-clang 1.1.1.0 10.58 172.79 183.37 OK
r-devel-linux-x86_64-debian-gcc 1.1.1.0 10.38 126.62 137.00 OK
r-devel-linux-x86_64-fedora-clang 1.1.1.0 218.80 NOTE
r-devel-linux-x86_64-fedora-gcc 1.1.1.0 205.53 NOTE
r-devel-windows-ix86+x86_64 1.1.1.0 26.00 228.00 254.00 OK
r-patched-linux-x86_64 1.1.1.0 10.95 158.56 169.51 OK
r-patched-solaris-x86 1.1.1.0 336.60 NOTE
r-release-linux-x86_64 1.1.1.0 10.20 158.97 169.17 OK
r-release-windows-ix86+x86_64 1.1.1.0 40.00 163.00 203.00 OK
r-release-osx-x86_64 1.1.1.0 NOTE
r-oldrel-windows-ix86+x86_64 1.1.1.0 22.00 216.00 238.00 OK
r-oldrel-osx-x86_64 1.1.1.0 NOTE

Check Details

Version: 1.1.1.0
Check: dependencies in R code
Result: NOTE
    Namespaces in Imports field not imported from:
     ‘ggplot2’ ‘lattice’
     All declared Imports should be used.
Flavors: r-devel-linux-x86_64-fedora-clang, r-devel-linux-x86_64-fedora-gcc, r-patched-solaris-x86, r-release-osx-x86_64, r-oldrel-osx-x86_64