CRAN Package Check Results for Package modeltime

Last updated on 2021-09-27 05:51:29 CEST.

Flavor Version Tinstall Tcheck Ttotal Status Flags
r-devel-linux-x86_64-debian-clang 1.0.0 21.42 516.22 537.64 OK
r-devel-linux-x86_64-debian-gcc 1.0.0 15.97 377.20 393.17 OK
r-devel-linux-x86_64-fedora-clang 1.0.0 617.53 NOTE
r-devel-linux-x86_64-fedora-gcc 1.0.0 619.45 OK
r-devel-windows-x86_64 1.0.0 25.00 473.00 498.00 OK
r-devel-windows-x86_64-gcc10-UCRT 1.0.0 OK
r-patched-linux-x86_64 1.0.0 26.48 485.45 511.93 OK
r-patched-solaris-x86 1.0.0 828.90 OK
r-release-linux-x86_64 1.0.0 20.12 484.86 504.98 OK
r-release-macos-arm64 1.0.0 OK
r-release-macos-x86_64 1.0.0 ERROR
r-release-windows-ix86+x86_64 1.0.0 36.00 540.00 576.00 OK
r-oldrel-macos-x86_64 1.0.0 OK
r-oldrel-windows-ix86+x86_64 1.0.0 35.00 532.00 567.00 OK

Check Details

Version: 1.0.0
Check: package dependencies
Result: NOTE
    Imports includes 28 non-default packages.
    Importing from so many packages makes the package vulnerable to any of
    them becoming unavailable. Move as many as possible to Suggests and
    use conditionally.
Flavor: r-devel-linux-x86_64-fedora-clang

Version: 1.0.0
Check: tests
Result: ERROR
     Running ‘testthat.R’ [26s/26s]
    Running the tests in ‘tests/testthat.R’ failed.
    Last 13 lines of output:
     62: tryCatch(withCallingHandlers({ eval(code, test_env) if (!handled && !is.null(test)) { skip_empty() }}, expectation = handle_expectation, skip = handle_skip, warning = handle_warning, message = handle_message, error = handle_error), error = handle_fatal, skip = function(e) { })
     63: test_code(NULL, exprs, env)
     64: source_file(path, child_env(env), wrap = wrap)
     65: FUN(X[[i]], ...)
     66: lapply(test_paths, test_one_file, env = env, wrap = wrap)
     67: force(code)
     68: doWithOneRestart(return(expr), restart)
     69: withOneRestart(expr, restarts[[1L]])
     70: withRestarts(testthat_abort_reporter = function() NULL, force(code))
     71: with_reporter(reporters$multi, lapply(test_paths, test_one_file, env = env, wrap = wrap))
     72: test_files(test_dir = test_dir, test_package = test_package, test_paths = test_paths, load_helpers = load_helpers, reporter = reporter, env = env, stop_on_failure = stop_on_failure, stop_on_warning = stop_on_warning, wrap = wrap, load_package = load_package)
     73: test_files(test_dir = path, test_paths = test_paths, test_package = package, reporter = reporter, load_helpers = load_helpers, env = env, stop_on_failure = stop_on_failure, stop_on_warning = stop_on_warning, wrap = wrap, load_package = load_package, parallel = parallel)
     74: test_dir("testthat", package = package, reporter = reporter, ..., load_package = "installed")
     75: test_check("modeltime")
     An irrecoverable exception occurred. R is aborting now ...
Flavor: r-release-macos-x86_64