Last updated on 2024-08-31 23:49:09 CEST.
Flavor | Version | Tinstall | Tcheck | Ttotal | Status | Flags |
---|---|---|---|---|---|---|
r-devel-linux-x86_64-debian-clang | 0.1 | 1.69 | 19.94 | 21.63 | NOTE | |
r-devel-linux-x86_64-debian-gcc | 0.1 | 1.30 | 16.27 | 17.57 | NOTE | |
r-devel-linux-x86_64-fedora-clang | 0.1 | 34.72 | NOTE | |||
r-devel-linux-x86_64-fedora-gcc | 0.1 | 33.61 | NOTE | |||
r-devel-windows-x86_64 | 0.1 | 3.00 | 42.00 | 45.00 | NOTE | |
r-patched-linux-x86_64 | 0.1 | 1.65 | 19.35 | 21.00 | NOTE | |
r-release-linux-x86_64 | 0.1 | 1.45 | 19.78 | 21.23 | NOTE | |
r-release-macos-arm64 | 0.1 | 15.00 | NOTE | |||
r-release-macos-x86_64 | 0.1 | 21.00 | NOTE | |||
r-release-windows-x86_64 | 0.1 | 3.00 | 42.00 | 45.00 | NOTE | |
r-oldrel-macos-arm64 | 0.1 | 17.00 | NOTE | |||
r-oldrel-macos-x86_64 | 0.1 | 21.00 | NOTE | |||
r-oldrel-windows-x86_64 | 0.1 | 2.00 | 41.00 | 43.00 | NOTE |
Version: 0.1
Check: LazyData
Result: NOTE
'LazyData' is specified without a 'data' directory
Flavors: r-devel-linux-x86_64-debian-clang, r-devel-linux-x86_64-debian-gcc, r-devel-linux-x86_64-fedora-clang, r-devel-linux-x86_64-fedora-gcc, r-devel-windows-x86_64, r-patched-linux-x86_64, r-release-linux-x86_64, r-release-macos-arm64, r-release-macos-x86_64, r-release-windows-x86_64, r-oldrel-macos-arm64, r-oldrel-macos-x86_64, r-oldrel-windows-x86_64
Version: 0.1
Check: dependencies in R code
Result: NOTE
Namespace in Imports field not imported from: ‘methods’
All declared Imports should be used.
Flavors: r-devel-linux-x86_64-fedora-clang, r-devel-linux-x86_64-fedora-gcc