Last updated on 2024-08-31 23:49:09 CEST.
Flavor | Version | Tinstall | Tcheck | Ttotal | Status | Flags |
---|---|---|---|---|---|---|
r-devel-linux-x86_64-debian-clang | 0.1 | 4.76 | 36.82 | 41.58 | NOTE | |
r-devel-linux-x86_64-debian-gcc | 0.1 | 3.41 | 27.24 | 30.65 | NOTE | |
r-devel-linux-x86_64-fedora-clang | 0.1 | 70.14 | NOTE | |||
r-devel-linux-x86_64-fedora-gcc | 0.1 | 78.49 | NOTE | |||
r-devel-windows-x86_64 | 0.1 | 6.00 | 56.00 | 62.00 | NOTE | |
r-patched-linux-x86_64 | 0.1 | 4.65 | 34.82 | 39.47 | NOTE | |
r-release-linux-x86_64 | 0.1 | 5.14 | 35.25 | 40.39 | NOTE | |
r-release-macos-arm64 | 0.1 | 31.00 | NOTE | |||
r-release-macos-x86_64 | 0.1 | 50.00 | NOTE | |||
r-release-windows-x86_64 | 0.1 | 7.00 | 56.00 | 63.00 | NOTE | |
r-oldrel-macos-arm64 | 0.1 | 30.00 | NOTE | |||
r-oldrel-macos-x86_64 | 0.1 | 43.00 | NOTE | |||
r-oldrel-windows-x86_64 | 0.1 | 9.00 | 59.00 | 68.00 | NOTE |
Version: 0.1
Check: LazyData
Result: NOTE
'LazyData' is specified without a 'data' directory
Flavors: r-devel-linux-x86_64-debian-clang, r-devel-linux-x86_64-debian-gcc, r-devel-linux-x86_64-fedora-clang, r-devel-linux-x86_64-fedora-gcc, r-devel-windows-x86_64, r-patched-linux-x86_64, r-release-linux-x86_64, r-release-macos-arm64, r-release-macos-x86_64, r-release-windows-x86_64, r-oldrel-macos-arm64, r-oldrel-macos-x86_64, r-oldrel-windows-x86_64