CRAN Package Check Results for Package momr

Last updated on 2022-01-24 17:50:01 CET.

Flavor Version Tinstall Tcheck Ttotal Status Flags
r-devel-linux-x86_64-debian-clang 1.1 4.09 51.30 55.39 OK
r-devel-linux-x86_64-debian-gcc 1.1 3.44 39.68 43.12 OK
r-devel-linux-x86_64-fedora-clang 1.1 68.18 NOTE
r-devel-linux-x86_64-fedora-gcc 1.1 57.13 OK
r-devel-windows-x86_64-new-UL 1.1 39.00 72.00 111.00 NOTE
r-devel-windows-x86_64-new-TK 1.1 OK
r-patched-linux-x86_64 1.1 3.19 49.87 53.06 OK
r-release-linux-x86_64 1.1 2.93 49.18 52.11 OK
r-release-macos-arm64 1.1 NOTE
r-release-macos-x86_64 1.1 NOTE
r-release-windows-ix86+x86_64 1.1 9.00 66.00 75.00 NOTE
r-oldrel-macos-x86_64 1.1 NOTE
r-oldrel-windows-ix86+x86_64 1.1 9.00 61.00 70.00 NOTE

Check Details

Version: 1.1
Check: installed package size
Result: NOTE
     installed size is 7.3Mb
     sub-directories of 1Mb or more:
     data 2.1Mb
Flavors: r-devel-linux-x86_64-fedora-clang, r-devel-windows-x86_64-new-UL, r-release-macos-arm64, r-release-macos-x86_64, r-release-windows-ix86+x86_64, r-oldrel-macos-x86_64, r-oldrel-windows-ix86+x86_64