Last updated on 2021-03-09 05:47:12 CET.
Flavor | Version | Tinstall | Tcheck | Ttotal | Status | Flags |
---|---|---|---|---|---|---|
r-devel-linux-x86_64-debian-clang | 0.2.4 | 6.01 | 86.38 | 92.39 | OK | |
r-devel-linux-x86_64-debian-gcc | 0.2.4 | 5.86 | 67.35 | 73.21 | OK | |
r-devel-linux-x86_64-fedora-clang | 0.2.4 | 121.37 | NOTE | |||
r-devel-linux-x86_64-fedora-gcc | 0.2.4 | 108.30 | NOTE | |||
r-devel-windows-ix86+x86_64 | 0.2.4 | 17.00 | 78.00 | 95.00 | OK | |
r-devel-windows-x86_64-gcc10-UCRT | 0.2.4 | NOTE | ||||
r-patched-linux-x86_64 | 0.2.4 | 8.09 | 82.65 | 90.74 | OK | |
r-patched-solaris-x86 | 0.2.4 | 150.00 | NOTE | |||
r-release-linux-x86_64 | 0.2.4 | 6.57 | 83.31 | 89.88 | OK | |
r-release-macos-x86_64 | 0.2.4 | NOTE | ||||
r-release-windows-ix86+x86_64 | 0.2.4 | 13.00 | 116.00 | 129.00 | OK | |
r-oldrel-macos-x86_64 | 0.2.4 | NOTE | ||||
r-oldrel-windows-ix86+x86_64 | 0.2.4 | 10.00 | 84.00 | 94.00 | OK |
Version: 0.2.4
Check: dependencies in R code
Result: NOTE
Namespace in Imports field not imported from: ‘ztable’
All declared Imports should be used.
Flavors: r-devel-linux-x86_64-fedora-clang, r-devel-linux-x86_64-fedora-gcc, r-devel-windows-x86_64-gcc10-UCRT, r-patched-solaris-x86, r-release-macos-x86_64, r-oldrel-macos-x86_64