CRAN Package Check Results for Package morse

Last updated on 2020-08-09 00:46:54 CEST.

Flavor Version Tinstall Tcheck Ttotal Status Flags
r-devel-linux-x86_64-debian-clang 3.2.5 12.28 264.91 277.19 OK --no-vignettes
r-devel-linux-x86_64-debian-gcc 3.2.5 10.22 195.79 206.01 OK --no-vignettes
r-devel-linux-x86_64-fedora-clang 3.2.5 333.79 OK --no-vignettes
r-devel-linux-x86_64-fedora-gcc 3.2.5 335.60 OK --no-vignettes
r-devel-windows-ix86+x86_64 3.2.5 23.00 354.00 377.00 FAIL --no-vignettes
r-patched-linux-x86_64 3.2.5 13.09 259.03 272.12 OK --no-vignettes
r-patched-solaris-x86 3.2.5 682.20 OK --no-vignettes
r-release-linux-x86_64 3.2.5 13.95 296.77 310.72 OK --no-vignettes
r-release-macos-x86_64 3.2.5 FAIL
r-release-windows-ix86+x86_64 3.2.5 33.00 283.00 316.00 OK --no-vignettes
r-oldrel-macos-x86_64 3.2.5 WARN
r-oldrel-windows-ix86+x86_64 3.2.5 20.00 338.00 358.00 OK --no-vignettes

Check Details

Version: 3.2.5
Flags: --no-vignettes
Check: for unstated dependencies in vignettes
Result: FAIL
Flavor: r-devel-windows-ix86+x86_64

Version: 3.2.5
Check: re-building of vignette outputs
Result: FAIL
Flavor: r-release-macos-x86_64

Version: 3.2.5
Check: re-building of vignette outputs
Result: WARN
    Error(s) in re-building vignettes:
    --- re-building ‘tutorial.Rmd’ using rmarkdown
    Warning in engine$weave(file, quiet = quiet, encoding = enc) :
     Pandoc (>= 1.12.3) and/or pandoc-citeproc not available. Falling back to R Markdown v1.
    
    Attaching package: 'dplyr'
    
    The following objects are masked from 'package:stats':
    
     filter, lag
    
    The following objects are masked from 'package:base':
    
     intersect, setdiff, setequal, union
    
    Quitting from lines 342-344 (tutorial.Rmd)
    Error: processing vignette 'tutorial.Rmd' failed with diagnostics:
    The model needs too many iterations to provide reliable parameter estimates !
    --- failed re-building ‘tutorial.Rmd’
    
    --- re-building ‘modelling.Snw’ using Sweave
    --- finished re-building ‘modelling.Snw’
    
    SUMMARY: processing the following file failed:
     ‘tutorial.Rmd’
    
    Error: Vignette re-building failed.
    Execution halted
Flavor: r-oldrel-macos-x86_64