CRAN Package Check Results for Package mortAAR

Last updated on 2024-02-22 00:58:35 CET.

Flavor Version Tinstall Tcheck Ttotal Status Flags
r-devel-linux-x86_64-debian-clang 1.1.5 NOTE
r-devel-linux-x86_64-debian-gcc 1.1.5 3.23 65.14 68.37 NOTE
r-devel-linux-x86_64-fedora-clang 1.1.5 112.10 OK
r-devel-linux-x86_64-fedora-gcc 1.1.5 116.70 OK
r-devel-windows-x86_64 1.1.5 5.00 89.00 94.00 OK
r-patched-linux-x86_64 1.1.5 4.56 84.55 89.11 OK
r-release-linux-x86_64 1.1.5 4.37 84.82 89.19 OK
r-release-macos-arm64 1.1.5 45.00 OK
r-release-macos-x86_64 1.1.5 83.00 OK
r-release-windows-x86_64 1.1.5 6.00 105.00 111.00 OK
r-oldrel-macos-arm64 1.1.5 45.00 OK
r-oldrel-windows-x86_64 1.1.5 6.00 102.00 108.00 OK

Check Details

Version: 1.1.5
Check: Rd files
Result: NOTE checkRd: (-1) mortaar_life_table.Rd:7: Lost braces; missing escapes or markup? 7 | \title{{mortaar_life_table} and {mortaar_life_table_list}} | ^ Flavors: r-devel-linux-x86_64-debian-clang, r-devel-linux-x86_64-debian-gcc