Last updated on 2024-08-16 11:49:45 CEST.
Flavor | Version | Tinstall | Tcheck | Ttotal | Status | Flags |
---|---|---|---|---|---|---|
r-devel-linux-x86_64-debian-clang | 0.6.4 | 14.66 | 168.36 | 183.02 | OK | |
r-devel-linux-x86_64-debian-gcc | 0.6.4 | 9.62 | 113.26 | 122.88 | OK | |
r-devel-linux-x86_64-fedora-clang | 0.6.4 | 287.66 | NOTE | |||
r-devel-linux-x86_64-fedora-gcc | 0.6.4 | 286.37 | NOTE | |||
r-devel-windows-x86_64 | 0.6.4 | 16.00 | 172.00 | 188.00 | OK | |
r-patched-linux-x86_64 | 0.6.4 | 13.15 | 155.95 | 169.10 | OK | |
r-release-linux-x86_64 | 0.6.4 | 11.38 | 160.14 | 171.52 | OK | |
r-release-macos-arm64 | 0.6.4 | 64.00 | OK | |||
r-release-macos-x86_64 | 0.6.4 | 120.00 | OK | |||
r-release-windows-x86_64 | 0.6.4 | 17.00 | 171.00 | 188.00 | OK | |
r-oldrel-macos-arm64 | 0.6.4 | 119.00 | OK | |||
r-oldrel-macos-x86_64 | 0.6.4 | 235.00 | OK | |||
r-oldrel-windows-x86_64 | 0.6.4 | 24.00 | 221.00 | 245.00 | OK |
Version: 0.6.4
Check: data for non-ASCII characters
Result: NOTE
Note: found 56 marked UTF-8 strings
Flavors: r-devel-linux-x86_64-fedora-clang, r-devel-linux-x86_64-fedora-gcc