CRAN Package Check Results for Package mosaicCalc

Last updated on 2024-07-20 23:58:10 CEST.

Flavor Version Tinstall Tcheck Ttotal Status Flags
r-devel-linux-x86_64-debian-clang 0.6.1 16.23 222.85 239.08 OK
r-devel-linux-x86_64-debian-gcc 0.6.1 15.14 164.28 179.42 OK
r-devel-linux-x86_64-fedora-clang 0.6.1 305.21 NOTE
r-devel-linux-x86_64-fedora-gcc 0.6.1 296.62 NOTE
r-devel-windows-x86_64 0.6.1 19.00 175.00 194.00 NOTE
r-patched-linux-x86_64 0.6.1 22.98 215.85 238.83 OK
r-release-linux-x86_64 0.6.1 18.70 206.38 225.08 OK
r-release-macos-arm64 0.6.1 80.00 OK
r-release-macos-x86_64 0.6.1 125.00 OK
r-release-windows-x86_64 0.6.1 19.00 168.00 187.00 OK
r-oldrel-macos-arm64 0.6.1 88.00 OK
r-oldrel-macos-x86_64 0.6.1 154.00 OK
r-oldrel-windows-x86_64 0.6.1 26.00 217.00 243.00 OK

Check Details

Version: 0.6.1
Check: data for non-ASCII characters
Result: NOTE Note: found 56 marked UTF-8 strings Flavors: r-devel-linux-x86_64-fedora-clang, r-devel-linux-x86_64-fedora-gcc

Version: 0.6.1
Check: Rd cross-references
Result: NOTE Found the following Rd file(s) with Rd \link{} targets missing package anchors: symbolicD.Rd: makeFun Please provide package anchors for all Rd \link{} targets not in the package itself and the base packages. Flavor: r-devel-windows-x86_64