CRAN Package Check Results for Package mosaicCore

Last updated on 2021-09-23 23:50:13 CEST.

Flavor Version Tinstall Tcheck Ttotal Status Flags
r-devel-linux-x86_64-debian-clang 0.9.0 7.01 70.49 77.50 NOTE
r-devel-linux-x86_64-debian-gcc 0.9.0 4.92 52.13 57.05 NOTE
r-devel-linux-x86_64-fedora-clang 0.9.0 95.50 NOTE
r-devel-linux-x86_64-fedora-gcc 0.9.0 88.58 NOTE
r-devel-windows-x86_64 0.9.0 7.00 70.00 77.00 NOTE
r-devel-windows-x86_64-gcc10-UCRT 0.9.0 NOTE
r-patched-linux-x86_64 0.9.0 11.15 65.42 76.57 NOTE
r-patched-solaris-x86 0.9.0 122.30 NOTE
r-release-linux-x86_64 0.9.0 5.46 66.17 71.63 NOTE
r-release-macos-arm64 0.9.0 NOTE
r-release-macos-x86_64 0.9.0 NOTE
r-release-windows-ix86+x86_64 0.9.0 14.00 68.00 82.00 NOTE
r-oldrel-macos-x86_64 0.9.0 OK
r-oldrel-windows-ix86+x86_64 0.9.0 11.00 68.00 79.00 OK

Check Details

Version: 0.9.0
Check: LazyData
Result: NOTE
     'LazyData' is specified without a 'data' directory
Flavors: r-devel-linux-x86_64-debian-clang, r-devel-linux-x86_64-debian-gcc, r-devel-linux-x86_64-fedora-clang, r-devel-linux-x86_64-fedora-gcc, r-devel-windows-x86_64, r-devel-windows-x86_64-gcc10-UCRT, r-patched-linux-x86_64, r-patched-solaris-x86, r-release-linux-x86_64, r-release-macos-arm64, r-release-macos-x86_64, r-release-windows-ix86+x86_64