CRAN Package Check Results for Package mosaicCore

Last updated on 2022-08-17 12:55:19 CEST.

Flavor Version Tinstall Tcheck Ttotal Status Flags
r-devel-linux-x86_64-debian-clang 0.9.0 5.69 78.62 84.31 NOTE
r-devel-linux-x86_64-debian-gcc 0.9.0 NOTE
r-devel-linux-x86_64-fedora-clang 0.9.0 112.04 NOTE
r-devel-linux-x86_64-fedora-gcc 0.9.0 106.81 NOTE
r-devel-windows-x86_64 0.9.0 51.00 109.00 160.00 NOTE
r-patched-linux-x86_64 0.9.0 12.84 72.44 85.28 NOTE
r-release-linux-x86_64 0.9.0 4.63 72.18 76.81 NOTE
r-release-macos-arm64 0.9.0 30.00 NOTE
r-release-macos-x86_64 0.9.0 61.00 NOTE
r-release-windows-x86_64 0.9.0 55.00 111.00 166.00 NOTE
r-oldrel-macos-arm64 0.9.0 39.00 NOTE
r-oldrel-macos-x86_64 0.9.0 56.00 NOTE
r-oldrel-windows-ix86+x86_64 0.9.0 16.00 110.00 126.00 NOTE

Check Details

Version: 0.9.0
Check: LazyData
Result: NOTE
     'LazyData' is specified without a 'data' directory
Flavors: r-devel-linux-x86_64-debian-clang, r-devel-linux-x86_64-debian-gcc, r-devel-linux-x86_64-fedora-clang, r-devel-linux-x86_64-fedora-gcc, r-devel-windows-x86_64, r-patched-linux-x86_64, r-release-linux-x86_64, r-release-macos-arm64, r-release-macos-x86_64, r-release-windows-x86_64, r-oldrel-macos-arm64, r-oldrel-macos-x86_64, r-oldrel-windows-ix86+x86_64