Last updated on 2023-06-07 05:58:25 CEST.
Flavor | Version | Tinstall | Tcheck | Ttotal | Status | Flags |
---|---|---|---|---|---|---|
r-devel-linux-x86_64-debian-clang | 2.1.3 | 21.56 | 271.18 | 292.74 | NOTE | |
r-devel-linux-x86_64-debian-gcc | 2.1.3 | 16.95 | 199.56 | 216.51 | NOTE | |
r-devel-linux-x86_64-fedora-clang | 2.1.3 | 360.52 | NOTE | |||
r-devel-linux-x86_64-fedora-gcc | 2.1.3 | 388.66 | NOTE | |||
r-devel-windows-x86_64 | 2.1.3 | 20.00 | 205.00 | 225.00 | NOTE | |
r-patched-linux-x86_64 | 2.1.3 | 20.50 | 255.02 | 275.52 | NOTE | |
r-release-linux-x86_64 | 2.1.3 | 16.62 | 252.21 | 268.83 | NOTE | |
r-release-macos-arm64 | 2.1.3 | 103.00 | NOTE | |||
r-release-macos-x86_64 | 2.1.3 | 175.00 | NOTE | |||
r-release-windows-x86_64 | 2.1.3 | 26.00 | 278.00 | 304.00 | NOTE | |
r-oldrel-macos-arm64 | 2.1.3 | 85.00 | OK | |||
r-oldrel-macos-x86_64 | 2.1.3 | 121.00 | OK | |||
r-oldrel-windows-x86_64 | 2.1.3 | 27.00 | 276.00 | 303.00 | OK |
Version: 2.1.3
Check: C++ specification
Result: NOTE
Specified C++11: please drop specification unless essential
Flavors: r-devel-linux-x86_64-debian-clang, r-devel-linux-x86_64-debian-gcc, r-devel-linux-x86_64-fedora-clang, r-devel-linux-x86_64-fedora-gcc, r-devel-windows-x86_64, r-patched-linux-x86_64, r-release-linux-x86_64, r-release-macos-arm64, r-release-macos-x86_64, r-release-windows-x86_64