CRAN Package Check Results for Package mousetrack

Last updated on 2021-10-28 11:51:33 CEST.

Flavor Version Tinstall Tcheck Ttotal Status Flags
r-devel-linux-x86_64-debian-clang 1.0.0 2.22 25.29 27.51 NOTE
r-devel-linux-x86_64-debian-gcc 1.0.0 2.03 20.00 22.03 NOTE
r-devel-linux-x86_64-fedora-clang 1.0.0 45.48 NOTE
r-devel-linux-x86_64-fedora-gcc 1.0.0 34.41 NOTE
r-devel-windows-x86_64 1.0.0 4.00 31.00 35.00 NOTE
r-devel-windows-x86_64-gcc10-UCRT 1.0.0 NOTE
r-patched-linux-x86_64 1.0.0 2.67 24.89 27.56 NOTE
r-patched-solaris-x86 1.0.0 53.50 NOTE
r-release-linux-x86_64 1.0.0 2.68 24.85 27.53 NOTE
r-release-macos-arm64 1.0.0 NOTE
r-release-macos-x86_64 1.0.0 NOTE
r-release-windows-ix86+x86_64 1.0.0 4.00 42.00 46.00 NOTE
r-oldrel-macos-x86_64 1.0.0 NOTE
r-oldrel-windows-ix86+x86_64 1.0.0 4.00 45.00 49.00 NOTE

Check Details

Version: 1.0.0
Check: R code for possible problems
Result: NOTE
    getmouseDV: no visible global function definition for 'tail'
    interpltraj: no visible global function definition for 'approx'
    trim1: no visible global function definition for 'tail'
    Undefined global functions or variables:
     approx tail
    Consider adding
     importFrom("stats", "approx")
     importFrom("utils", "tail")
    to your NAMESPACE file.
Flavors: r-devel-linux-x86_64-debian-clang, r-devel-linux-x86_64-debian-gcc, r-devel-linux-x86_64-fedora-clang, r-devel-linux-x86_64-fedora-gcc, r-devel-windows-x86_64, r-devel-windows-x86_64-gcc10-UCRT, r-patched-linux-x86_64, r-patched-solaris-x86, r-release-linux-x86_64, r-release-macos-arm64, r-release-macos-x86_64, r-release-windows-ix86+x86_64, r-oldrel-macos-x86_64, r-oldrel-windows-ix86+x86_64