CRAN Package Check Results for Package mpmi

Last updated on 2024-04-22 17:56:55 CEST.

Flavor Version Tinstall Tcheck Ttotal Status Flags
r-devel-linux-x86_64-debian-clang 0.43.2.1 5.98 32.32 38.30 OK
r-devel-linux-x86_64-debian-gcc 0.43.2.1 4.34 25.01 29.35 OK
r-devel-linux-x86_64-fedora-clang 0.43.2.1 51.33 NOTE
r-devel-linux-x86_64-fedora-gcc 0.43.2.1 59.84 NOTE
r-prerel-macos-arm64 0.43.2.1 26.00 OK
r-prerel-windows-x86_64 0.43.2.1 8.00 61.00 69.00 OK
r-patched-linux-x86_64 0.43.2.1 5.52 31.99 37.51 OK
r-release-linux-x86_64 0.43.2.1 4.89 30.67 35.56 OK
r-release-macos-arm64 0.43.2.1 43.00 OK
r-release-macos-x86_64 0.43.2.1 73.00 OK
r-release-windows-x86_64 0.43.2.1 9.00 60.00 69.00 OK
r-oldrel-macos-arm64 0.43.2.1 28.00 OK
r-oldrel-windows-x86_64 0.43.2.1 11.00 63.00 74.00 OK

Check Details

Version: 0.43.2.1
Check: compiled code
Result: NOTE File ‘mpmi/libs/mpmi.so’: Found no calls to: ‘R_registerRoutines’, ‘R_useDynamicSymbols’ It is good practice to register native routines and to disable symbol search. See ‘Writing portable packages’ in the ‘Writing R Extensions’ manual. Flavors: r-devel-linux-x86_64-fedora-clang, r-devel-linux-x86_64-fedora-gcc