Last updated on 2023-03-23 05:50:28 CET.
Flavor | Version | Tinstall | Tcheck | Ttotal | Status | Flags |
---|---|---|---|---|---|---|
r-devel-linux-x86_64-debian-clang | 0.1.8 | 5.15 | 69.65 | 74.80 | OK | |
r-devel-linux-x86_64-debian-gcc | 0.1.8 | 4.25 | 53.33 | 57.58 | OK | |
r-devel-linux-x86_64-fedora-clang | 0.1.8 | 95.10 | OK | |||
r-devel-linux-x86_64-fedora-gcc | 0.1.8 | 99.33 | OK | |||
r-patched-linux-x86_64 | 0.1.8 | 5.38 | 67.44 | 72.82 | OK | |
r-release-linux-x86_64 | 0.1.8 | 5.36 | 66.02 | 71.38 | OK | |
r-release-macos-arm64 | 0.1.8 | 26.00 | OK | |||
r-release-macos-x86_64 | 0.1.8 | 57.00 | OK | |||
r-release-windows-x86_64 | 0.1.8 | 12.00 | 138.00 | 150.00 | OK | |
r-oldrel-macos-arm64 | 0.1.8 | 25.00 | OK | |||
r-oldrel-macos-x86_64 | 0.1.8 | 43.00 | OK | |||
r-oldrel-windows-ix86+x86_64 | 0.1.8 | 18.00 | 95.00 | 113.00 | NOTE |
Version: 0.1.8
Check: dependencies in R code
Result: NOTE
Initiating curl with CURL_SSL_BACKEND: openssl
Flavor: r-oldrel-windows-ix86+x86_64