CRAN Package Check Results for Package mrfDepth

Last updated on 2023-12-03 23:56:51 CET.

Flavor Version Tinstall Tcheck Ttotal Status Flags
r-devel-linux-x86_64-debian-clang 1.0.15 108.81 125.55 234.36 OK
r-devel-linux-x86_64-debian-gcc 1.0.15 71.60 96.43 168.03 OK
r-devel-linux-x86_64-fedora-clang 1.0.15 322.07 OK
r-devel-linux-x86_64-fedora-gcc 1.0.15 303.13 OK
r-devel-windows-x86_64 1.0.15 82.00 135.00 217.00 OK
r-patched-linux-x86_64 1.0.15 84.14 122.33 206.47 OK
r-release-linux-x86_64 1.0.15 86.02 120.89 206.91 OK
r-release-macos-arm64 1.0.15 79.00 NOTE
r-release-macos-x86_64 1.0.15 131.00 NOTE
r-release-windows-x86_64 1.0.15 102.00 161.00 263.00 OK
r-oldrel-macos-arm64 1.0.15 80.00 NOTE
r-oldrel-macos-x86_64 1.0.15 108.00 NOTE
r-oldrel-windows-x86_64 1.0.15 95.00 163.00 258.00 OK

Check Details

Version: 1.0.15
Check: installed package size
Result: NOTE installed size is 14.8Mb sub-directories of 1Mb or more: data 1.6Mb libs 12.7Mb Flavors: r-release-macos-arm64, r-release-macos-x86_64, r-oldrel-macos-arm64, r-oldrel-macos-x86_64