CRAN Package Check Results for Package mrfDepth

Last updated on 2019-03-24 23:51:11 CET.

Flavor Version Tinstall Tcheck Ttotal Status Flags
r-devel-linux-x86_64-debian-clang 1.0.10 76.61 93.26 169.87 OK
r-devel-linux-x86_64-debian-gcc 1.0.10 62.74 73.72 136.46 OK
r-devel-linux-x86_64-fedora-clang 1.0.10 236.73 NOTE
r-devel-linux-x86_64-fedora-gcc 1.0.10 217.75 OK
r-devel-windows-ix86+x86_64 1.0.10 222.00 222.00 444.00 OK
r-patched-linux-x86_64 1.0.10 74.44 88.57 163.01 OK
r-patched-solaris-x86 1.0.10 221.90 OK
r-release-linux-x86_64 1.0.10 75.09 88.70 163.79 OK
r-release-windows-ix86+x86_64 1.0.10 167.00 168.00 335.00 OK
r-release-osx-x86_64 1.0.10 NOTE
r-oldrel-windows-ix86+x86_64 1.0.10 156.00 182.00 338.00 OK
r-oldrel-osx-x86_64 1.0.10 NOTE

Check Details

Version: 1.0.10
Check: installed package size
Result: NOTE
     installed size is 16.8Mb
     sub-directories of 1Mb or more:
     data 1.6Mb
     libs 14.7Mb
Flavors: r-devel-linux-x86_64-fedora-clang, r-release-osx-x86_64, r-oldrel-osx-x86_64