CRAN Package Check Results for Package mrfDepth

Last updated on 2019-05-19 17:57:37 CEST.

Flavor Version Tinstall Tcheck Ttotal Status Flags
r-devel-linux-x86_64-debian-clang 1.0.11 75.74 95.28 171.02 OK
r-devel-linux-x86_64-debian-gcc 1.0.11 61.83 75.01 136.84 OK
r-devel-linux-x86_64-fedora-clang 1.0.11 231.94 NOTE
r-devel-linux-x86_64-fedora-gcc 1.0.11 210.33 OK
r-devel-windows-ix86+x86_64 1.0.11 213.00 222.00 435.00 OK
r-patched-linux-x86_64 1.0.11 73.09 93.79 166.88 OK
r-patched-solaris-x86 1.0.11 235.20 OK
r-release-linux-x86_64 1.0.11 75.94 94.37 170.31 OK
r-release-windows-ix86+x86_64 1.0.11 165.00 162.00 327.00 OK
r-release-osx-x86_64 1.0.11 NOTE
r-oldrel-windows-ix86+x86_64 1.0.10 195.00 222.00 417.00 OK
r-oldrel-osx-x86_64 1.0.11 ERROR

Check Details

Version: 1.0.11
Check: installed package size
Result: NOTE
     installed size is 16.8Mb
     sub-directories of 1Mb or more:
     data 1.6Mb
     libs 14.7Mb
Flavors: r-devel-linux-x86_64-fedora-clang, r-release-osx-x86_64

Version: 1.0.11
Check: whether package can be installed
Result: ERROR
    Installation failed.
Flavor: r-oldrel-osx-x86_64