CRAN Package Check Results for Package mrgsolve

Last updated on 2022-07-03 05:49:55 CEST.

Flavor Version Tinstall Tcheck Ttotal Status Flags
r-devel-linux-x86_64-debian-clang 1.0.4 130.40 155.82 286.22 OK
r-devel-linux-x86_64-debian-gcc 1.0.4 113.88 113.98 227.86 OK
r-devel-linux-x86_64-fedora-clang 1.0.4 410.94 NOTE
r-devel-linux-x86_64-fedora-gcc 1.0.4 381.44 OK
r-devel-windows-x86_64 1.0.4 304.00 217.00 521.00 OK
r-patched-linux-x86_64 1.0.4 133.81 144.06 277.87 OK
r-release-linux-x86_64 1.0.4 119.70 142.82 262.52 OK
r-release-macos-arm64 1.0.4 105.00 NOTE
r-release-macos-x86_64 1.0.4 123.00 NOTE
r-release-windows-x86_64 1.0.4 321.00 214.00 535.00 OK
r-oldrel-macos-arm64 1.0.4 102.00 NOTE
r-oldrel-macos-x86_64 1.0.4 127.00 NOTE
r-oldrel-windows-ix86+x86_64 1.0.4 398.00 285.00 683.00 OK

Check Details

Version: 1.0.4
Check: installed package size
Result: NOTE
     installed size is 5.3Mb
     sub-directories of 1Mb or more:
     libs 3.5Mb
Flavors: r-devel-linux-x86_64-fedora-clang, r-release-macos-arm64, r-release-macos-x86_64, r-oldrel-macos-arm64, r-oldrel-macos-x86_64