Last updated on 2024-08-31 23:49:09 CEST.
Flavor | Version | Tinstall | Tcheck | Ttotal | Status | Flags |
---|---|---|---|---|---|---|
r-devel-linux-x86_64-debian-clang | 0.6.3 | 1.53 | 25.33 | 26.86 | NOTE | |
r-devel-linux-x86_64-debian-gcc | 0.6.3 | 1.66 | 19.97 | 21.63 | NOTE | |
r-devel-linux-x86_64-fedora-clang | 0.6.3 | 43.91 | NOTE | |||
r-devel-linux-x86_64-fedora-gcc | 0.6.3 | 41.33 | NOTE | |||
r-devel-windows-x86_64 | 0.6.3 | 3.00 | 54.00 | 57.00 | NOTE | |
r-patched-linux-x86_64 | 0.6.3 | 5.30 | 24.27 | 29.57 | OK | |
r-release-linux-x86_64 | 0.6.3 | 1.65 | 24.34 | 25.99 | OK | |
r-release-macos-arm64 | 0.6.3 | 19.00 | OK | |||
r-release-macos-x86_64 | 0.6.3 | 27.00 | OK | |||
r-release-windows-x86_64 | 0.6.3 | 3.00 | 53.00 | 56.00 | OK | |
r-oldrel-macos-arm64 | 0.6.3 | 19.00 | OK | |||
r-oldrel-macos-x86_64 | 0.6.3 | 25.00 | OK | |||
r-oldrel-windows-x86_64 | 0.6.3 | 4.00 | 58.00 | 62.00 | OK |
Version: 0.6.3
Check: Rd cross-references
Result: NOTE
Found the following Rd file(s) with Rd \link{} targets missing package
anchors:
ms_list_voices.Rd: GET
ms_synthesize.Rd: POST
Please provide package anchors for all Rd \link{} targets not in the
package itself and the base packages.
Flavors: r-devel-linux-x86_64-debian-clang, r-devel-linux-x86_64-debian-gcc, r-devel-windows-x86_64
Version: 0.6.3
Check: data for non-ASCII characters
Result: NOTE
Note: found 75 marked UTF-8 strings
Flavors: r-devel-linux-x86_64-fedora-clang, r-devel-linux-x86_64-fedora-gcc