CRAN Package Check Results for Package msir

Last updated on 2023-03-23 17:52:21 CET.

Flavor Version Tinstall Tcheck Ttotal Status Flags
r-devel-linux-x86_64-debian-clang 1.3.3 2.94 49.20 52.14 NOTE
r-devel-linux-x86_64-debian-gcc 1.3.3 3.11 38.28 41.39 NOTE
r-devel-linux-x86_64-fedora-clang 1.3.3 66.40 NOTE
r-devel-linux-x86_64-fedora-gcc 1.3.3 74.93 NOTE
r-patched-linux-x86_64 1.3.3 4.24 48.50 52.74 NOTE
r-release-linux-x86_64 1.3.3 2.61 48.54 51.15 NOTE
r-release-macos-arm64 1.3.3 23.00 NOTE
r-release-macos-x86_64 1.3.3 34.00 NOTE
r-release-windows-x86_64 1.3.3 19.00 137.00 156.00 NOTE
r-oldrel-macos-arm64 1.3.3 29.00 NOTE
r-oldrel-macos-x86_64 1.3.3 38.00 NOTE
r-oldrel-windows-ix86+x86_64 1.3.3 8.00 75.00 83.00 NOTE

Check Details

Version: 1.3.3
Check: LazyData
Result: NOTE
     'LazyData' is specified without a 'data' directory
Flavors: r-devel-linux-x86_64-debian-clang, r-devel-linux-x86_64-debian-gcc, r-devel-linux-x86_64-fedora-clang, r-devel-linux-x86_64-fedora-gcc, r-patched-linux-x86_64, r-release-linux-x86_64, r-release-macos-arm64, r-release-macos-x86_64, r-release-windows-x86_64, r-oldrel-macos-arm64, r-oldrel-macos-x86_64, r-oldrel-windows-ix86+x86_64