Last updated on 2023-05-28 17:55:28 CEST.
Flavor | Version | Tinstall | Tcheck | Ttotal | Status | Flags |
---|---|---|---|---|---|---|
r-devel-linux-x86_64-debian-clang | 1.7 | 21.59 | 249.88 | 271.47 | OK | |
r-devel-linux-x86_64-debian-gcc | 1.7 | 20.46 | 191.08 | 211.54 | OK | |
r-devel-linux-x86_64-fedora-clang | 1.7 | 338.94 | OK | |||
r-devel-linux-x86_64-fedora-gcc | 1.7 | 343.76 | OK | |||
r-devel-windows-x86_64 | 1.7 | 24.00 | 233.00 | 257.00 | OK | |
r-patched-linux-x86_64 | 1.7 | 27.33 | 243.44 | 270.77 | OK | |
r-release-linux-x86_64 | 1.7 | 21.51 | 241.52 | 263.03 | OK | |
r-release-macos-arm64 | 1.7 | 121.00 | OK | |||
r-release-macos-x86_64 | 1.7 | 210.00 | NOTE | |||
r-release-windows-x86_64 | 1.7 | 30.00 | 285.00 | 315.00 | OK | |
r-oldrel-macos-arm64 | 1.7 | 117.00 | OK | |||
r-oldrel-macos-x86_64 | 1.7 | 141.00 | OK | |||
r-oldrel-windows-x86_64 | 1.7 | 32.00 | 264.00 | 296.00 | OK |
Version: 1.7
Check: package dependencies
Result: NOTE
Package suggested but not available for checking: ‘flexsurv’
Flavor: r-release-macos-x86_64
Version: 1.7
Check: Rd cross-references
Result: NOTE
Package unavailable to check Rd xrefs: ‘flexsurv’
Flavor: r-release-macos-x86_64