Last updated on 2023-03-29 11:52:21 CEST.
Flavor | Version | Tinstall | Tcheck | Ttotal | Status | Flags |
---|---|---|---|---|---|---|
r-devel-linux-x86_64-debian-clang | 11.3.5.101 | 14.08 | 54.90 | 68.98 | OK | |
r-devel-linux-x86_64-debian-gcc | 11.3.5.101 | 11.18 | 41.10 | 52.28 | OK | |
r-devel-linux-x86_64-fedora-clang | 11.3.5.101 | 86.94 | NOTE | |||
r-devel-linux-x86_64-fedora-gcc | 11.3.5.101 | 97.77 | NOTE | |||
r-devel-windows-x86_64 | 11.3.5.101 | 50.00 | 0.00 | 50.00 | OK | |
r-patched-linux-x86_64 | 11.3.5.101 | 9.11 | 51.58 | 60.69 | OK | |
r-release-linux-x86_64 | 11.3.5.101 | 10.51 | 53.61 | 64.12 | OK | |
r-release-macos-arm64 | 11.3.5.101 | 28.00 | NOTE | |||
r-release-macos-x86_64 | 11.3.5.101 | 42.00 | NOTE | |||
r-release-windows-x86_64 | 11.3.5.101 | 41.00 | 88.00 | 129.00 | OK | |
r-oldrel-macos-arm64 | 11.3.5.101 | 27.00 | NOTE | |||
r-oldrel-macos-x86_64 | 11.3.5.101 | 40.00 | NOTE | |||
r-oldrel-windows-ix86+x86_64 | 11.3.5.101 | 26.00 | 93.00 | 119.00 | NOTE |
Version: 11.3.5.101
Check: dependencies in R code
Result: NOTE
Namespaces in Imports field not imported from:
‘markdown’ ‘methods’ ‘vctrs’
All declared Imports should be used.
Flavors: r-devel-linux-x86_64-fedora-clang, r-devel-linux-x86_64-fedora-gcc, r-release-macos-arm64, r-release-macos-x86_64, r-oldrel-macos-arm64, r-oldrel-macos-x86_64
Version: 11.3.5.101
Check: R code for possible problems
Result: NOTE
Initiating curl with CURL_SSL_BACKEND: openssl
Flavor: r-oldrel-windows-ix86+x86_64