Last updated on 2024-08-31 23:49:09 CEST.
Flavor | Version | Tinstall | Tcheck | Ttotal | Status | Flags |
---|---|---|---|---|---|---|
r-devel-linux-x86_64-debian-clang | 0.1.0 | 2.88 | 16.64 | 19.52 | OK | |
r-devel-linux-x86_64-debian-gcc | 0.1.0 | 2.81 | 13.69 | 16.50 | OK | |
r-devel-linux-x86_64-fedora-clang | 0.1.0 | 31.97 | NOTE | |||
r-devel-linux-x86_64-fedora-gcc | 0.1.0 | 30.17 | NOTE | |||
r-devel-windows-x86_64 | 0.1.0 | 4.00 | 36.00 | 40.00 | OK | |
r-patched-linux-x86_64 | 0.1.0 | 3.24 | 16.69 | 19.93 | OK | |
r-release-linux-x86_64 | 0.1.0 | 3.00 | 16.45 | 19.45 | OK | |
r-release-macos-arm64 | 0.1.0 | 15.00 | OK | |||
r-release-macos-x86_64 | 0.1.0 | 25.00 | OK | |||
r-release-windows-x86_64 | 0.1.0 | 5.00 | 36.00 | 41.00 | OK | |
r-oldrel-macos-arm64 | 0.1.0 | 17.00 | OK | |||
r-oldrel-macos-x86_64 | 0.1.0 | 22.00 | OK | |||
r-oldrel-windows-x86_64 | 0.1.0 | 5.00 | 35.00 | 40.00 | OK |
Version: 0.1.0
Check: data for non-ASCII characters
Result: NOTE
Note: found 2632 marked UTF-8 strings
Flavors: r-devel-linux-x86_64-fedora-clang, r-devel-linux-x86_64-fedora-gcc