Last updated on 2024-08-16 11:49:45 CEST.
Flavor | Version | Tinstall | Tcheck | Ttotal | Status | Flags |
---|---|---|---|---|---|---|
r-devel-linux-x86_64-debian-clang | 1.0.2 | 7.39 | 42.50 | 49.89 | OK | |
r-devel-linux-x86_64-debian-gcc | 1.0.2 | 5.31 | 31.04 | 36.35 | OK | |
r-devel-linux-x86_64-fedora-clang | 1.0.2 | 77.13 | OK | |||
r-devel-linux-x86_64-fedora-gcc | 1.0.2 | 73.72 | OK | |||
r-devel-windows-x86_64 | 1.0.2 | 9.00 | 66.00 | 75.00 | OK | |
r-patched-linux-x86_64 | 1.0.2 | 7.81 | 40.36 | 48.17 | OK | |
r-release-linux-x86_64 | 1.0.2 | 7.15 | 40.79 | 47.94 | OK | |
r-release-macos-arm64 | 1.0.2 | 32.00 | NOTE | |||
r-release-macos-x86_64 | 1.0.2 | 65.00 | NOTE | |||
r-release-windows-x86_64 | 1.0.2 | 9.00 | 65.00 | 74.00 | OK | |
r-oldrel-macos-arm64 | 1.0.2 | 32.00 | NOTE | |||
r-oldrel-macos-x86_64 | 1.0.2 | 51.00 | NOTE | |||
r-oldrel-windows-x86_64 | 1.0.2 | 11.00 | 76.00 | 87.00 | OK |
Version: 1.0.2
Check: installed package size
Result: NOTE
installed size is 5.7Mb
sub-directories of 1Mb or more:
data 5.5Mb
Flavors: r-release-macos-arm64, r-release-macos-x86_64, r-oldrel-macos-arm64, r-oldrel-macos-x86_64