CRAN Package Check Results for Package multiPIM

Last updated on 2021-07-31 17:50:42 CEST.

Flavor Version Tinstall Tcheck Ttotal Status Flags
r-devel-linux-x86_64-debian-clang 1.4-3 9.74 81.72 91.46 NOTE
r-devel-linux-x86_64-debian-gcc 1.4-3 7.73 61.84 69.57 NOTE
r-devel-linux-x86_64-fedora-clang 1.4-3 115.53 NOTE
r-devel-linux-x86_64-fedora-gcc 1.4-3 104.39 NOTE
r-devel-windows-x86_64 1.4-3 11.00 98.00 109.00 NOTE
r-devel-windows-x86_64-gcc10-UCRT 1.4-3 NOTE
r-patched-linux-x86_64 1.4-3 NOTE
r-patched-solaris-x86 1.4-3 156.30 NOTE
r-release-linux-x86_64 1.4-3 10.22 80.00 90.22 NOTE
r-release-macos-arm64 1.4-3 NOTE
r-release-macos-x86_64 1.4-3 NOTE
r-release-windows-ix86+x86_64 1.4-3 19.00 73.00 92.00 NOTE
r-oldrel-macos-x86_64 1.4-3 NOTE
r-oldrel-windows-ix86+x86_64 1.4-3 15.00 99.00 114.00 NOTE

Check Details

Version: 1.4-3
Check: R code for possible problems
Result: NOTE
    multiPIM : expand.factors: no visible global function definition for
     'formula'
    multiPIM : expand.factors: no visible global function definition for
     'model.matrix'
    multiPIM : <anonymous>: no visible global function definition for 'glm'
    multiPIM : <anonymous>: no visible binding for global variable
     'binomial'
    multiPIM : <anonymous>: no visible global function definition for
     'qlogis'
    multiPIM : <anonymous>: no visible global function definition for
     'as.formula'
    multiPIM : <anonymous>: no visible global function definition for 'lm'
    multiPIM: no visible global function definition for 'glm'
    multiPIM: no visible global function definition for 'qlogis'
    multiPIM: no visible binding for global variable 'binomial'
    multiPIM: no visible global function definition for 'plogis'
    multiPIM: no visible global function definition for 'sd'
    multiPIM: no visible global function definition for 'lm'
    summary.multiPIM: no visible binding for global variable 'sd'
    summary.multiPIM: no visible global function definition for 'pnorm'
    Undefined global functions or variables:
     as.formula binomial formula glm lm model.matrix plogis pnorm qlogis
     sd
    Consider adding
     importFrom("stats", "as.formula", "binomial", "formula", "glm", "lm",
     "model.matrix", "plogis", "pnorm", "qlogis", "sd")
    to your NAMESPACE file.
Flavors: r-devel-linux-x86_64-debian-clang, r-devel-linux-x86_64-debian-gcc, r-devel-linux-x86_64-fedora-clang, r-devel-linux-x86_64-fedora-gcc, r-devel-windows-x86_64, r-devel-windows-x86_64-gcc10-UCRT, r-patched-linux-x86_64, r-patched-solaris-x86, r-release-linux-x86_64, r-release-macos-arm64, r-release-macos-x86_64, r-release-windows-ix86+x86_64, r-oldrel-macos-x86_64, r-oldrel-windows-ix86+x86_64