CRAN Package Check Results for Package multiblock

Last updated on 2023-09-25 23:13:46 CEST.

Flavor Version Tinstall Tcheck Ttotal Status Flags
r-devel-linux-x86_64-debian-clang 0.8.6 54.92 262.44 317.36 NOTE
r-devel-linux-x86_64-debian-gcc 0.8.6 38.23 217.91 256.14 NOTE
r-devel-linux-x86_64-fedora-clang 0.8.6 412.87 NOTE
r-devel-linux-x86_64-fedora-gcc 0.8.6 474.36 NOTE
r-devel-windows-x86_64 0.8.6 43.00 255.00 298.00 OK
r-patched-linux-x86_64 0.8.6 52.37 211.89 264.26 NOTE
r-release-linux-x86_64 0.8.6 43.68 260.03 303.71 NOTE
r-release-macos-arm64 0.8.6 112.00 NOTE
r-release-macos-x86_64 0.8.6 205.00 NOTE
r-release-windows-x86_64 0.8.6 60.00 311.00 371.00 NOTE
r-oldrel-macos-arm64 0.8.6 100.00 ERROR
r-oldrel-macos-x86_64 0.8.6 133.00 ERROR
r-oldrel-windows-x86_64 0.8.6 55.00 287.00 342.00 NOTE

Check Details

Version: 0.8.6
Check: package dependencies
Result: NOTE
    Package suggested but not available for checking: ‘RegularizedSCA’
Flavors: r-devel-linux-x86_64-debian-clang, r-devel-linux-x86_64-debian-gcc, r-devel-linux-x86_64-fedora-clang, r-devel-linux-x86_64-fedora-gcc, r-patched-linux-x86_64, r-release-linux-x86_64, r-release-windows-x86_64, r-oldrel-windows-x86_64

Version: 0.8.6
Check: installed package size
Result: NOTE
     installed size is 7.2Mb
     sub-directories of 1Mb or more:
     doc 1.5Mb
     libs 4.5Mb
Flavors: r-release-macos-arm64, r-release-macos-x86_64, r-oldrel-macos-arm64, r-oldrel-macos-x86_64

Version: 0.8.6
Check: examples
Result: ERROR
    Running examples in ‘multiblock-Ex.R’ failed
    The error most likely occurred in:
    
    > ### Name: basic
    > ### Title: Single- and Two-Block Methods
    > ### Aliases: basic
    >
    > ### ** Examples
    >
    > data(potato)
    > X <- potato$Chemical
    > y <- potato$Sensory[,1,drop=FALSE]
    >
    > pca.pot <- pca(X, ncomp = 2)
    > pcr.pot <- pcr(y ~ X, ncomp = 2)
    > pls.pot <- plsr(y ~ X, ncomp = 2)
    > cca.pot <- cca(potato[1:2])
    > ifa.pot <- ifa(potato[1:2])
    Error in RGCCA::rgcca(blocks = X, connection = matrix(c(0, 1, 1, 0), 2, :
     unused arguments (blocks = X, connection = matrix(c(0, 1, 1, 0), 2, 2))
    Calls: ifa
    Execution halted
Flavors: r-oldrel-macos-arm64, r-oldrel-macos-x86_64

Version: 0.8.6
Check: re-building of vignette outputs
Result: ERROR
    Error(s) in re-building vignettes:
    --- re-building ‘vignette_A_data.Rmd’ using rmarkdown
    --- finished re-building ‘vignette_A_data.Rmd’
    
    --- re-building ‘vignette_B_basic.Rmd’ using rmarkdown
    
    Quitting from lines 66-79 [unnamed-chunk-3] (vignette_B_basic.Rmd)
    Error: processing vignette 'vignette_B_basic.Rmd' failed with diagnostics:
    unused arguments (blocks = X, connection = matrix(c(0, 1, 1, 0), 2, 2))
    --- failed re-building ‘vignette_B_basic.Rmd’
    
    --- re-building ‘vignette_C_unsupervised.Rmd’ using rmarkdown
    
    Quitting from lines 82-97 [unnamed-chunk-3] (vignette_C_unsupervised.Rmd)
    Error: processing vignette 'vignette_C_unsupervised.Rmd' failed with diagnostics:
    unused arguments (blocks = X, connection = C)
    --- failed re-building ‘vignette_C_unsupervised.Rmd’
    
    --- re-building ‘vignette_D_asca.Rmd’ using rmarkdown
    --- finished re-building ‘vignette_D_asca.Rmd’
    
    --- re-building ‘vignette_E_supervised.Rmd’ using rmarkdown
    --- finished re-building ‘vignette_E_supervised.Rmd’
    
    --- re-building ‘vignette_F_complex.Rmd’ using rmarkdown
    --- finished re-building ‘vignette_F_complex.Rmd’
    
    SUMMARY: processing the following files failed:
     ‘vignette_B_basic.Rmd’ ‘vignette_C_unsupervised.Rmd’
    
    Error: Vignette re-building failed.
    Execution halted
Flavors: r-oldrel-macos-arm64, r-oldrel-macos-x86_64