Last updated on 2024-05-02 17:50:19 CEST.
Flavor | Version | Tinstall | Tcheck | Ttotal | Status | Flags |
---|---|---|---|---|---|---|
r-devel-linux-x86_64-debian-clang | 1.5 | 171.42 | 85.87 | 257.29 | OK | |
r-devel-linux-x86_64-debian-gcc | 1.5 | 130.07 | 61.54 | 191.61 | OK | |
r-devel-linux-x86_64-fedora-clang | 1.5.1 | 348.75 | OK | |||
r-devel-linux-x86_64-fedora-gcc | 1.5.1 | 382.64 | OK | |||
r-devel-windows-x86_64 | 1.5 | 115.00 | 98.00 | 213.00 | OK | |
r-patched-linux-x86_64 | 1.5 | 129.51 | 80.33 | 209.84 | OK | |
r-release-linux-x86_64 | 1.5 | 158.78 | 78.90 | 237.68 | OK | |
r-release-macos-arm64 | 1.5 | 85.00 | NOTE | |||
r-release-macos-x86_64 | 1.5.1 | 159.00 | NOTE | |||
r-release-windows-x86_64 | 1.5 | 121.00 | 102.00 | 223.00 | OK | |
r-oldrel-macos-arm64 | 1.5 | 78.00 | NOTE | |||
r-oldrel-macos-x86_64 | 1.5.1 | 159.00 | NOTE | |||
r-oldrel-windows-x86_64 | 1.5 | 157.00 | 121.00 | 278.00 | OK |
Version: 1.5
Check: installed package size
Result: NOTE
installed size is 12.6Mb
sub-directories of 1Mb or more:
libs 11.5Mb
Flavors: r-release-macos-arm64, r-oldrel-macos-arm64
Version: 1.5.1
Check: installed package size
Result: NOTE
installed size is 13.1Mb
sub-directories of 1Mb or more:
libs 12.0Mb
Flavors: r-release-macos-x86_64, r-oldrel-macos-x86_64