Last updated on 2021-03-06 11:48:46 CET.
Flavor | Version | Tinstall | Tcheck | Ttotal | Status | Flags |
---|---|---|---|---|---|---|
r-devel-linux-x86_64-debian-clang | 1.2.3 | 2.42 | 27.13 | 29.55 | OK | |
r-devel-linux-x86_64-debian-gcc | 1.2.3 | 2.11 | 21.30 | 23.41 | OK | |
r-devel-linux-x86_64-fedora-clang | 1.2.3 | 46.16 | NOTE | |||
r-devel-linux-x86_64-fedora-gcc | 1.2.3 | 35.56 | OK | |||
r-devel-windows-ix86+x86_64 | 1.2.3 | 7.00 | 46.00 | 53.00 | OK | |
r-patched-linux-x86_64 | 1.2.3 | OK | ||||
r-patched-solaris-x86 | 1.2.3 | 54.40 | OK | |||
r-release-linux-x86_64 | 1.2.3 | 2.73 | 26.58 | 29.31 | OK | |
r-release-macos-x86_64 | 1.2.3 | OK | ||||
r-release-windows-ix86+x86_64 | 1.2.3 | 4.00 | 40.00 | 44.00 | OK | |
r-oldrel-macos-x86_64 | 1.2.3 | OK | ||||
r-oldrel-windows-ix86+x86_64 | 1.2.3 | 3.00 | 30.00 | 33.00 | OK |
Version: 1.2.3
Check: Rd cross-references
Result: NOTE
Undeclared package ‘lfe’ in Rd xrefs
Flavor: r-devel-linux-x86_64-fedora-clang