CRAN Package Check Results for Package musclesyneRgies

Last updated on 2024-06-13 11:48:19 CEST.

Flavor Version Tinstall Tcheck Ttotal Status Flags
r-devel-linux-x86_64-debian-clang 1.2.5 5.22 157.39 162.61 OK
r-devel-linux-x86_64-debian-gcc 1.2.5 0.41 1.86 2.27 ERROR
r-devel-linux-x86_64-fedora-clang 1.2.5 208.01 OK
r-devel-linux-x86_64-fedora-gcc 1.2.5 204.57 OK
r-devel-windows-x86_64 1.2.5 5.00 133.00 138.00 OK
r-patched-linux-x86_64 1.2.5 5.20 156.77 161.97 OK
r-release-linux-x86_64 1.2.5 4.56 152.57 157.13 OK
r-release-macos-arm64 1.2.5 71.00 OK
r-release-macos-x86_64 1.2.5 105.00 OK
r-release-windows-x86_64 1.2.5 6.00 137.00 143.00 OK
r-oldrel-macos-arm64 1.2.5 75.00 OK
r-oldrel-macos-x86_64 1.2.5 104.00 OK
r-oldrel-windows-x86_64 1.2.5 8.00 161.00 169.00 OK

Check Details

Version: 1.2.5
Check: package dependencies
Result: ERROR Packages required but not available: 'ggplot2', 'reshape2' Package suggested but not available for checking: ‘testthat’ See section ‘The DESCRIPTION file’ in the ‘Writing R Extensions’ manual. Flavor: r-devel-linux-x86_64-debian-gcc