CRAN Package Check Results for Package music

Last updated on 2021-10-28 11:51:34 CEST.

Flavor Version Tinstall Tcheck Ttotal Status Flags
r-devel-linux-x86_64-debian-clang 0.1.1 2.31 25.33 27.64 NOTE
r-devel-linux-x86_64-debian-gcc 0.1.1 1.90 20.04 21.94 NOTE
r-devel-linux-x86_64-fedora-clang 0.1.1 44.49 NOTE
r-devel-linux-x86_64-fedora-gcc 0.1.1 33.97 NOTE
r-devel-windows-x86_64 0.1.1 5.00 32.00 37.00 NOTE
r-devel-windows-x86_64-gcc10-UCRT 0.1.1 NOTE
r-patched-linux-x86_64 0.1.1 2.43 24.94 27.37 NOTE
r-patched-solaris-x86 0.1.1 55.50 NOTE
r-release-linux-x86_64 0.1.1 1.93 24.54 26.47 NOTE
r-release-macos-arm64 0.1.1 NOTE
r-release-macos-x86_64 0.1.1 NOTE
r-release-windows-ix86+x86_64 0.1.1 5.00 46.00 51.00 NOTE
r-oldrel-macos-x86_64 0.1.1 OK
r-oldrel-windows-ix86+x86_64 0.1.1 5.00 42.00 47.00 OK

Check Details

Version: 0.1.1
Check: LazyData
Result: NOTE
     'LazyData' is specified without a 'data' directory
Flavors: r-devel-linux-x86_64-debian-clang, r-devel-linux-x86_64-debian-gcc, r-devel-linux-x86_64-fedora-clang, r-devel-linux-x86_64-fedora-gcc, r-devel-windows-x86_64, r-devel-windows-x86_64-gcc10-UCRT, r-patched-linux-x86_64, r-patched-solaris-x86, r-release-linux-x86_64, r-release-macos-arm64, r-release-macos-x86_64, r-release-windows-ix86+x86_64