Last updated on 2024-08-16 11:49:46 CEST.
Flavor | Version | Tinstall | Tcheck | Ttotal | Status | Flags |
---|---|---|---|---|---|---|
r-devel-linux-x86_64-debian-clang | 1.2.2 | 9.89 | 119.21 | 129.10 | NOTE | |
r-devel-linux-x86_64-debian-gcc | 1.2.2 | 7.02 | 83.12 | 90.14 | NOTE | |
r-devel-linux-x86_64-fedora-clang | 1.2.2 | 209.79 | NOTE | |||
r-devel-linux-x86_64-fedora-gcc | 1.2.2 | 211.94 | NOTE | |||
r-devel-windows-x86_64 | 1.2.2 | 11.00 | 122.00 | 133.00 | NOTE | |
r-patched-linux-x86_64 | 1.2.2 | 10.37 | 112.35 | 122.72 | NOTE | |
r-release-linux-x86_64 | 1.2.2 | 9.51 | 113.19 | 122.70 | NOTE | |
r-release-macos-arm64 | 1.2.2 | 68.00 | NOTE | |||
r-release-macos-x86_64 | 1.2.2 | 119.00 | NOTE | |||
r-release-windows-x86_64 | 1.2.2 | 10.00 | 122.00 | 132.00 | NOTE | |
r-oldrel-macos-arm64 | 1.2.2 | 67.00 | NOTE | |||
r-oldrel-macos-x86_64 | 1.2.2 | 102.00 | NOTE | |||
r-oldrel-windows-x86_64 | 1.2.2 | 14.00 | 154.00 | 168.00 | NOTE |
Version: 1.2.2
Check: Rd files
Result: NOTE
checkRd: (-1) bal.Rd:156: Escaped LaTeX specials: \&
Flavors: r-devel-linux-x86_64-debian-clang, r-devel-linux-x86_64-debian-gcc, r-devel-linux-x86_64-fedora-clang, r-devel-linux-x86_64-fedora-gcc, r-devel-windows-x86_64, r-patched-linux-x86_64, r-release-linux-x86_64, r-release-macos-arm64, r-release-macos-x86_64, r-release-windows-x86_64, r-oldrel-macos-arm64, r-oldrel-macos-x86_64, r-oldrel-windows-x86_64
Version: 1.2.2
Check: dependencies in R code
Result: NOTE
Namespace in Imports field not imported from: ‘Rdpack’
All declared Imports should be used.
Flavors: r-devel-linux-x86_64-fedora-clang, r-devel-linux-x86_64-fedora-gcc