Last updated on 2024-05-13 11:56:42 CEST.
Flavor | Version | Tinstall | Tcheck | Ttotal | Status | Flags |
---|---|---|---|---|---|---|
r-devel-linux-x86_64-debian-clang | 0.1-10 | 5.30 | 223.72 | 229.02 | OK | |
r-devel-linux-x86_64-debian-gcc | 0.1-10 | 3.58 | 158.29 | 161.87 | OK | |
r-devel-linux-x86_64-fedora-clang | 0.1-10 | 272.37 | NOTE | |||
r-devel-linux-x86_64-fedora-gcc | 0.1-10 | 316.35 | OK | |||
r-devel-windows-x86_64 | 0.1-10 | 4.00 | 176.00 | 180.00 | OK | |
r-patched-linux-x86_64 | 0.1-10 | 3.98 | 213.76 | 217.74 | OK | |
r-release-linux-x86_64 | 0.1-10 | 3.86 | 212.42 | 216.28 | OK | |
r-release-macos-arm64 | 0.1-10 | 69.00 | OK | |||
r-release-windows-x86_64 | 0.1-10 | 5.00 | 174.00 | 179.00 | OK | |
r-oldrel-macos-arm64 | 0.1-10 | 76.00 | OK | |||
r-oldrel-macos-x86_64 | 0.1-10 | 151.00 | NOTE | |||
r-oldrel-windows-x86_64 | 0.1-10 | 6.00 | 237.00 | 243.00 | OK |
Version: 0.1-10
Check: Rd cross-references
Result: NOTE
Undeclared package ‘sampleSelection’ in Rd xrefs
Flavor: r-devel-linux-x86_64-fedora-clang
Version: 0.1-10
Check: Rd cross-references
Result: NOTE
Package unavailable to check Rd xrefs: ‘sampleSelection’
Flavor: r-oldrel-macos-x86_64