Last updated on 2025-04-30 12:49:10 CEST.
Flavor | Version | Tinstall | Tcheck | Ttotal | Status | Flags |
---|---|---|---|---|---|---|
r-devel-linux-x86_64-debian-clang | 0.2.0 | 13.44 | 169.64 | 183.08 | NOTE | |
r-devel-linux-x86_64-debian-gcc | 0.2.0 | 10.57 | 116.88 | 127.45 | NOTE | |
r-devel-linux-x86_64-fedora-clang | 0.2.0 | 302.29 | OK | |||
r-devel-linux-x86_64-fedora-gcc | 0.2.0 | 299.15 | OK | |||
r-devel-windows-x86_64 | 0.2.0 | 16.00 | 172.00 | 188.00 | OK | |
r-patched-linux-x86_64 | 0.2.0 | 16.28 | 160.37 | 176.65 | OK | |
r-release-linux-x86_64 | 0.2.0 | 15.10 | 163.01 | 178.11 | OK | |
r-release-macos-arm64 | 0.2.0 | 65.00 | OK | |||
r-release-macos-x86_64 | 0.2.0 | 136.00 | OK | |||
r-release-windows-x86_64 | 0.2.0 | 17.00 | 170.00 | 187.00 | OK | |
r-oldrel-macos-arm64 | 0.2.0 | 179.00 | OK | |||
r-oldrel-macos-x86_64 | 0.2.0 | 187.00 | OK | |||
r-oldrel-windows-x86_64 | 0.2.0 | 22.00 | 222.00 | 244.00 | OK |
Version: 0.2.0
Check: examples
Result: NOTE
Examples with CPU (user + system) or elapsed time > 5s
user system elapsed
spec_curve 6.217 0.023 8.528
multiverse_tree 4.930 0.063 6.774
Flavor: r-devel-linux-x86_64-debian-clang
Version: 0.2.0
Check: examples
Result: NOTE
Examples with CPU (user + system) or elapsed time > 5s
user system elapsed
spec_curve 3.769 0.084 5.057
Flavor: r-devel-linux-x86_64-debian-gcc