CRAN Package Check Results for Package mvnmle

Last updated on 2019-04-22 17:50:27 CEST.

Flavor Version Tinstall Tcheck Ttotal Status Flags
r-devel-linux-x86_64-debian-clang 0.1-11.1 2.35 19.19 21.54 OK
r-devel-linux-x86_64-debian-gcc 0.1-11.1 1.81 15.57 17.38 OK
r-devel-linux-x86_64-fedora-clang 0.1-11.1 26.37 NOTE
r-devel-linux-x86_64-fedora-gcc 0.1-11.1 25.69 NOTE
r-devel-windows-ix86+x86_64 0.1-11.1 10.00 35.00 45.00 OK
r-patched-linux-x86_64 0.1-11.1 2.17 19.26 21.43 OK
r-patched-solaris-x86 0.1-11.1 39.60 OK
r-release-linux-x86_64 0.1-11.1 1.45 17.61 19.06 OK
r-release-windows-ix86+x86_64 0.1-11.1 6.00 33.00 39.00 OK
r-release-osx-x86_64 0.1-11.1 OK
r-oldrel-windows-ix86+x86_64 0.1-11.1 6.00 42.00 48.00 OK
r-oldrel-osx-x86_64 0.1-11.1 OK

Check Details

Version: 0.1-11.1
Check: compiled code
Result: NOTE
    File ‘mvnmle/libs/mvnmle.so’:
     Found no calls to: ‘R_registerRoutines’, ‘R_useDynamicSymbols’
    
    It is good practice to register native routines and to disable symbol
    search.
    
    See ‘Writing portable packages’ in the ‘Writing R Extensions’ manual.
Flavors: r-devel-linux-x86_64-fedora-clang, r-devel-linux-x86_64-fedora-gcc