CRAN Package Check Results for Package mvnmle

Last updated on 2019-07-16 00:13:34 CEST.

Flavor Version Tinstall Tcheck Ttotal Status Flags
r-devel-linux-x86_64-debian-clang 0.1-11.1 2.34 19.65 21.99 OK
r-devel-linux-x86_64-debian-gcc 0.1-11.1 1.79 15.73 17.52 OK
r-devel-linux-x86_64-fedora-clang 0.1-11.1 26.43 NOTE
r-devel-linux-x86_64-fedora-gcc 0.1-11.1 24.79 NOTE
r-devel-windows-ix86+x86_64 0.1-11.1 8.00 35.00 43.00 OK
r-patched-linux-x86_64 0.1-11.1 2.27 19.36 21.63 OK
r-patched-solaris-x86 0.1-11.1 43.50 OK
r-release-linux-x86_64 0.1-11.1 2.13 19.08 21.21 OK
r-release-windows-ix86+x86_64 0.1-11.1 6.00 46.00 52.00 OK
r-release-osx-x86_64 0.1-11.1 OK
r-oldrel-windows-ix86+x86_64 0.1-11.1 6.00 33.00 39.00 OK
r-oldrel-osx-x86_64 0.1-11.1 OK

Check Details

Version: 0.1-11.1
Check: compiled code
Result: NOTE
    File ‘mvnmle/libs/mvnmle.so’:
     Found no calls to: ‘R_registerRoutines’, ‘R_useDynamicSymbols’
    
    It is good practice to register native routines and to disable symbol
    search.
    
    See ‘Writing portable packages’ in the ‘Writing R Extensions’ manual.
Flavors: r-devel-linux-x86_64-fedora-clang, r-devel-linux-x86_64-fedora-gcc