CRAN Package Check Results for Package mvrtn

Last updated on 2019-11-16 23:47:24 CET.

Flavor Version Tinstall Tcheck Ttotal Status Flags
r-devel-linux-x86_64-debian-clang 1.0 2.06 17.89 19.95 NOTE
r-devel-linux-x86_64-debian-gcc 1.0 1.77 14.18 15.95 NOTE
r-devel-linux-x86_64-fedora-clang 1.0 25.16 NOTE
r-devel-linux-x86_64-fedora-gcc 1.0 24.22 NOTE
r-devel-windows-ix86+x86_64 1.0 10.00 37.00 47.00 NOTE
r-patched-linux-x86_64 1.0 1.68 17.65 19.33 NOTE
r-patched-solaris-x86 1.0 35.70 NOTE
r-release-linux-x86_64 1.0 1.68 16.94 18.62 NOTE
r-release-windows-ix86+x86_64 1.0 8.00 43.00 51.00 NOTE
r-release-osx-x86_64 1.0 NOTE
r-oldrel-windows-ix86+x86_64 1.0 6.00 32.00 38.00 NOTE
r-oldrel-osx-x86_64 1.0 NOTE

Check Details

Version: 1.0
Check: R code for possible problems
Result: NOTE
    rtn: no visible global function definition for 'runif'
    rtn: no visible global function definition for 'qnorm'
    rtn: no visible global function definition for 'pnorm'
    Undefined global functions or variables:
     pnorm qnorm runif
    Consider adding
     importFrom("stats", "pnorm", "qnorm", "runif")
    to your NAMESPACE file.
Flavors: r-devel-linux-x86_64-debian-clang, r-devel-linux-x86_64-debian-gcc, r-devel-linux-x86_64-fedora-clang, r-devel-linux-x86_64-fedora-gcc, r-devel-windows-ix86+x86_64, r-patched-linux-x86_64, r-patched-solaris-x86, r-release-linux-x86_64, r-release-windows-ix86+x86_64, r-release-osx-x86_64, r-oldrel-windows-ix86+x86_64, r-oldrel-osx-x86_64

Version: 1.0
Check: compiled code
Result: NOTE
    File ‘mvrtn/libs/mvrtn.so’:
     Found no calls to: ‘R_registerRoutines’, ‘R_useDynamicSymbols’
    
    It is good practice to register native routines and to disable symbol
    search.
    
    See ‘Writing portable packages’ in the ‘Writing R Extensions’ manual.
Flavors: r-devel-linux-x86_64-fedora-clang, r-devel-linux-x86_64-fedora-gcc