CRAN Package Check Results for Package mxnorm

Last updated on 2022-10-07 17:52:07 CEST.

Flavor Version Tinstall Tcheck Ttotal Status Flags
r-devel-linux-x86_64-debian-clang 1.0.2 15.57 207.05 222.62 OK
r-devel-linux-x86_64-debian-gcc 1.0.2 11.80 151.92 163.72 OK
r-devel-linux-x86_64-fedora-clang 1.0.2 294.97 NOTE
r-devel-linux-x86_64-fedora-gcc 1.0.2 268.63 NOTE
r-devel-windows-x86_64 1.0.2 29.00 235.00 264.00 OK
r-patched-linux-x86_64 1.0.2 13.44 192.06 205.50 OK
r-release-linux-x86_64 1.0.2 10.11 188.15 198.26 OK
r-release-macos-arm64 1.0.2 81.00 NOTE
r-release-macos-x86_64 1.0.2 106.00 NOTE
r-release-windows-x86_64 1.0.2 32.00 228.00 260.00 OK
r-oldrel-macos-arm64 1.0.2 74.00 NOTE
r-oldrel-macos-x86_64 1.0.2 103.00 NOTE
r-oldrel-windows-ix86+x86_64 1.0.2 33.00 233.00 266.00 OK

Check Details

Version: 1.0.2
Check: dependencies in R code
Result: NOTE
    Namespaces in Imports field not imported from:
     ‘e1071’ ‘glue’
     All declared Imports should be used.
Flavors: r-devel-linux-x86_64-fedora-clang, r-devel-linux-x86_64-fedora-gcc, r-release-macos-arm64, r-release-macos-x86_64, r-oldrel-macos-arm64, r-oldrel-macos-x86_64