CRAN Package Check Results for Package nCopula

Last updated on 2022-01-24 05:51:56 CET.

Flavor Version Tinstall Tcheck Ttotal Status Flags
r-devel-linux-x86_64-debian-clang 0.1.1 11.91 86.77 98.68 OK
r-devel-linux-x86_64-debian-gcc 0.1.1 7.22 67.52 74.74 OK
r-devel-linux-x86_64-fedora-clang 0.1.1 121.72 NOTE
r-devel-linux-x86_64-fedora-gcc 0.1.1 107.48 NOTE
r-devel-windows-x86_64-new-UL 0.1.1 49.00 106.00 155.00 OK
r-devel-windows-x86_64-new-TK 0.1.1 NOTE
r-patched-linux-x86_64 0.1.1 8.69 84.09 92.78 OK
r-release-linux-x86_64 0.1.1 11.96 85.41 97.37 OK
r-release-macos-arm64 0.1.1 NOTE
r-release-macos-x86_64 0.1.1 NOTE
r-release-windows-ix86+x86_64 0.1.1 25.00 98.00 123.00 OK
r-oldrel-macos-x86_64 0.1.1 NOTE
r-oldrel-windows-ix86+x86_64 0.1.1 25.00 100.00 125.00 OK

Check Details

Version: 0.1.1
Check: dependencies in R code
Result: NOTE
    Namespaces in Imports field not imported from:
     ‘Deriv’ ‘compiler’ ‘stringi’
     All declared Imports should be used.
Flavors: r-devel-linux-x86_64-fedora-clang, r-devel-linux-x86_64-fedora-gcc, r-devel-windows-x86_64-new-TK, r-release-macos-arm64, r-release-macos-x86_64, r-oldrel-macos-x86_64