Last updated on 2021-03-09 05:47:13 CET.
Flavor | Version | Tinstall | Tcheck | Ttotal | Status | Flags |
---|---|---|---|---|---|---|
r-devel-linux-x86_64-debian-clang | 0.2.3 | 27.24 | 123.43 | 150.67 | OK | |
r-devel-linux-x86_64-debian-gcc | 0.2.3 | 16.92 | 92.47 | 109.39 | OK | |
r-devel-linux-x86_64-fedora-clang | 0.2.3 | 192.42 | OK | |||
r-devel-linux-x86_64-fedora-gcc | 0.2.3 | 185.50 | OK | |||
r-devel-windows-ix86+x86_64 | 0.2.3 | 58.00 | 140.00 | 198.00 | OK | |
r-devel-windows-x86_64-gcc10-UCRT | 0.2.3 | OK | ||||
r-patched-linux-x86_64 | 0.2.3 | 21.28 | 123.32 | 144.60 | OK | |
r-patched-solaris-x86 | 0.2.3 | 220.70 | NOTE | |||
r-release-linux-x86_64 | 0.2.3 | 21.58 | 121.91 | 143.49 | OK | |
r-release-macos-x86_64 | 0.2.3 | OK | ||||
r-release-windows-ix86+x86_64 | 0.2.3 | 51.00 | 173.00 | 224.00 | OK | |
r-oldrel-macos-x86_64 | 0.2.3 | OK | ||||
r-oldrel-windows-ix86+x86_64 | 0.2.3 | 40.00 | 146.00 | 186.00 | OK |
Version: 0.2.3
Check: package dependencies
Result: NOTE
Package suggested but not available for checking: ‘rsvg’
Flavor: r-patched-solaris-x86