CRAN Package Check Results for Package nadiv

Last updated on 2023-06-03 17:50:31 CEST.

Flavor Version Tinstall Tcheck Ttotal Status Flags
r-devel-linux-x86_64-debian-clang 2.17.2 32.98 97.21 130.19 NOTE
r-devel-linux-x86_64-debian-gcc 2.17.2 24.62 74.50 99.12 NOTE
r-devel-linux-x86_64-fedora-clang 2.17.2 177.99 NOTE
r-devel-linux-x86_64-fedora-gcc 2.17.2 157.11 NOTE
r-devel-windows-x86_64 2.17.2 32.00 116.00 148.00 NOTE
r-patched-linux-x86_64 2.17.2 NOTE
r-release-linux-x86_64 2.17.2 24.25 94.51 118.76 NOTE
r-release-macos-arm64 2.17.2 49.00 NOTE
r-release-macos-x86_64 2.17.2 77.00 NOTE
r-release-windows-x86_64 2.17.2 42.00 134.00 176.00 NOTE
r-oldrel-macos-arm64 2.17.2 48.00 NOTE
r-oldrel-macos-x86_64 2.17.2 62.00 NOTE
r-oldrel-windows-x86_64 2.17.2 36.00 119.00 155.00 NOTE

Check Details

Version: 2.17.2
Check: package dependencies
Result: NOTE
    Package which this enhances but not available for checking: ‘asreml’
Flavors: r-devel-linux-x86_64-debian-clang, r-devel-linux-x86_64-debian-gcc, r-devel-linux-x86_64-fedora-clang, r-devel-linux-x86_64-fedora-gcc, r-devel-windows-x86_64, r-patched-linux-x86_64, r-release-linux-x86_64, r-release-macos-arm64, r-release-macos-x86_64, r-release-windows-x86_64, r-oldrel-macos-arm64, r-oldrel-macos-x86_64, r-oldrel-windows-x86_64