CRAN Package Check Results for Package naivebayes

Last updated on 2024-07-24 12:21:00 CEST.

Flavor Version Tinstall Tcheck Ttotal Status Flags
r-devel-linux-x86_64-debian-clang 1.0.0 4.89 56.81 61.70 OK
r-devel-linux-x86_64-debian-gcc 1.0.0 3.44 43.05 46.49 OK
r-devel-linux-x86_64-fedora-clang 1.0.0 77.87 OK
r-devel-linux-x86_64-fedora-gcc 1.0.0 111.19 OK
r-devel-windows-x86_64 1.0.0 5.00 80.00 85.00 OK
r-patched-linux-x86_64 1.0.0 5.45 55.05 60.50 OK
r-release-linux-x86_64 1.0.0 4.81 54.75 59.56 OK
r-release-macos-arm64 1.0.0 47.00 OK
r-release-macos-x86_64 1.0.0 79.00 WARN
r-release-windows-x86_64 1.0.0 5.00 78.00 83.00 OK
r-oldrel-macos-arm64 1.0.0 60.00 OK
r-oldrel-macos-x86_64 1.0.0 142.00 OK
r-oldrel-windows-x86_64 1.0.0 6.00 79.00 85.00 OK

Check Details

Version: 1.0.0
Check: re-building of vignette outputs
Result: WARN Error(s) in re-building vignettes: ... --- re-building ‘intro_naivebayes.Rnw’ using knitr Error: processing vignette 'intro_naivebayes.Rnw' failed with diagnostics: Running 'texi2dvi' on 'intro_naivebayes.tex' failed. LaTeX errors: ! Undefined control sequence. l.128 \hlkwd{install.packages}\hldef {(}\hlsng{"naivebayes"}\hldef{)} ? ! Emergency stop. ! Emergency stop. l.128 End of file on the terminal! ! ==> Fatal error occurred, no output PDF file produced! --- failed re-building ‘intro_naivebayes.Rnw’ SUMMARY: processing the following file failed: ‘intro_naivebayes.Rnw’ Error: Vignette re-building failed. Execution halted Flavor: r-release-macos-x86_64