CRAN Package Check Results for Package namedCapture

Last updated on 2021-03-09 05:47:12 CET.

Flavor Version Tinstall Tcheck Ttotal Status Flags
r-devel-linux-x86_64-debian-clang 2020.4.1 2.21 32.09 34.30 NOTE
r-devel-linux-x86_64-debian-gcc 2020.4.1 1.65 24.63 26.28 NOTE
r-devel-linux-x86_64-fedora-clang 2020.4.1 52.25 NOTE
r-devel-linux-x86_64-fedora-gcc 2020.4.1 41.18 NOTE
r-devel-windows-ix86+x86_64 2020.4.1 6.00 42.00 48.00 OK
r-devel-windows-x86_64-gcc10-UCRT 2020.4.1 NOTE
r-patched-linux-x86_64 2020.4.1 1.84 30.54 32.38 NOTE
r-patched-solaris-x86 2020.4.1 62.80 NOTE
r-release-linux-x86_64 2020.4.1 2.07 30.85 32.92 NOTE
r-release-macos-x86_64 2020.4.1 NOTE
r-release-windows-ix86+x86_64 2020.4.1 5.00 40.00 45.00 OK
r-oldrel-macos-x86_64 2020.4.1 OK
r-oldrel-windows-ix86+x86_64 2020.4.1 4.00 40.00 44.00 OK

Check Details

Version: 2020.4.1
Check: package dependencies
Result: NOTE
    Package suggested but not available for checking: 're2r'
Flavors: r-devel-linux-x86_64-debian-clang, r-devel-linux-x86_64-debian-gcc, r-devel-linux-x86_64-fedora-clang, r-devel-linux-x86_64-fedora-gcc, r-devel-windows-x86_64-gcc10-UCRT, r-patched-linux-x86_64, r-patched-solaris-x86, r-release-linux-x86_64, r-release-macos-x86_64