Last updated on 2024-04-23 17:49:39 CEST.
Flavor | Version | Tinstall | Tcheck | Ttotal | Status | Flags |
---|---|---|---|---|---|---|
r-devel-linux-x86_64-debian-clang | 0.13.5.2 | 35.64 | 40.00 | 75.64 | NOTE | |
r-devel-linux-x86_64-debian-gcc | 0.13.5.2 | 31.22 | 32.15 | 63.37 | NOTE | |
r-devel-linux-x86_64-fedora-clang | 0.13.5.2 | 140.61 | NOTE | |||
r-devel-linux-x86_64-fedora-gcc | 0.13.5.2 | 166.56 | NOTE | |||
r-prerel-macos-arm64 | 0.13.5.2 | 101.00 | OK | |||
r-prerel-macos-x86_64 | 0.13.5.2 | 163.00 | OK | |||
r-prerel-windows-x86_64 | 0.13.5.2 | 197.00 | 92.00 | 289.00 | OK | |
r-patched-linux-x86_64 | 0.13.5.2 | 38.59 | 38.55 | 77.14 | OK | |
r-release-linux-x86_64 | 0.13.5.2 | 35.71 | 38.25 | 73.96 | OK | |
r-release-macos-arm64 | 0.13.5.2 | 86.00 | OK | |||
r-release-macos-x86_64 | 0.13.5.2 | 162.00 | OK | |||
r-release-windows-x86_64 | 0.13.5.2 | 204.00 | 98.00 | 302.00 | OK | |
r-oldrel-macos-arm64 | 0.13.5.2 | 86.00 | OK | |||
r-oldrel-windows-x86_64 | 0.13.5.2 | 210.00 | 82.00 | 292.00 | OK |
Version: 0.13.5.2
Check: compiled code
Result: NOTE
File ‘nanonext/libs/nanonext.so’:
Found non-API calls to R: ‘SETLENGTH’, ‘STDVEC_DATAPTR’
Compiled code should not call non-API entry points in R.
See ‘Writing portable packages’ in the ‘Writing R Extensions’ manual.
Flavors: r-devel-linux-x86_64-debian-clang, r-devel-linux-x86_64-debian-gcc, r-devel-linux-x86_64-fedora-clang, r-devel-linux-x86_64-fedora-gcc