Last updated on 2023-03-31 05:54:29 CEST.
Flavor | Version | Tinstall | Tcheck | Ttotal | Status | Flags |
---|---|---|---|---|---|---|
r-devel-linux-x86_64-debian-clang | 2.6.14 | 124.75 | 49.42 | 174.17 | NOTE | |
r-devel-linux-x86_64-debian-gcc | 2.6.14 | 117.66 | 37.66 | 155.32 | NOTE | |
r-devel-linux-x86_64-fedora-clang | 2.6.14 | 291.20 | NOTE | |||
r-devel-linux-x86_64-fedora-gcc | 2.6.14 | 255.92 | NOTE | |||
r-patched-linux-x86_64 | 2.6.14 | 94.95 | 47.37 | 142.32 | NOTE | |
r-release-linux-x86_64 | 2.6.14 | 108.39 | 45.61 | 154.00 | OK | |
r-release-macos-arm64 | 2.6.14 | 75.00 | NOTE | |||
r-release-macos-x86_64 | 2.6.14 | 88.00 | NOTE | |||
r-oldrel-macos-arm64 | 2.6.14 | 71.00 | NOTE | |||
r-oldrel-macos-x86_64 | 2.6.14 | 93.00 | NOTE |
Version: 2.6.14
Check: C++ specification
Result: NOTE
Specified C++11: please drop specification unless essential
Flavors: r-devel-linux-x86_64-debian-clang, r-devel-linux-x86_64-debian-gcc, r-devel-linux-x86_64-fedora-clang, r-devel-linux-x86_64-fedora-gcc, r-patched-linux-x86_64
Version: 2.6.14
Check: installed package size
Result: NOTE
installed size is 11.9Mb
sub-directories of 1Mb or more:
libs 11.4Mb
Flavors: r-release-macos-arm64, r-release-macos-x86_64, r-oldrel-macos-arm64, r-oldrel-macos-x86_64