Last updated on 2023-03-30 13:51:47 CEST.
Flavor | Version | Tinstall | Tcheck | Ttotal | Status | Flags |
---|---|---|---|---|---|---|
r-devel-linux-x86_64-debian-clang | 1.6.5 | 10.26 | 103.70 | 113.96 | OK | |
r-devel-linux-x86_64-debian-gcc | 1.6.5 | 7.68 | 78.57 | 86.25 | OK | |
r-devel-linux-x86_64-fedora-clang | 1.6.5 | 139.43 | OK | |||
r-devel-linux-x86_64-fedora-gcc | 1.6.5 | 152.80 | NOTE | |||
r-devel-windows-x86_64 | 1.6.5 | 39.00 | 0.00 | 39.00 | OK | |
r-patched-linux-x86_64 | 1.6.5 | 17.67 | 97.05 | 114.72 | OK | |
r-release-linux-x86_64 | 1.6.5 | 6.71 | 98.53 | 105.24 | OK | |
r-release-macos-arm64 | 1.6.5 | 41.00 | OK | |||
r-release-macos-x86_64 | 1.6.5 | 58.00 | OK | |||
r-release-windows-x86_64 | 1.6.5 | 34.00 | 144.00 | 178.00 | OK | |
r-oldrel-macos-arm64 | 1.6.5 | 56.00 | OK | |||
r-oldrel-macos-x86_64 | 1.6.5 | 73.00 | OK | |||
r-oldrel-windows-ix86+x86_64 | 1.6.5 | 22.00 | 123.00 | 145.00 | OK |
Version: 1.6.5
Check: for detritus in the temp directory
Result: NOTE
Found the following files/directories:
‘Crashpad’
Flavor: r-devel-linux-x86_64-fedora-gcc