CRAN Package Check Results for Package ncf

Last updated on 2024-02-27 12:50:43 CET.

Flavor Version Tinstall Tcheck Ttotal Status Flags
r-devel-linux-x86_64-debian-clang 1.3-2 4.49 51.44 55.93 NOTE
r-devel-linux-x86_64-debian-gcc 1.3-2 3.96 38.72 42.68 NOTE
r-devel-linux-x86_64-fedora-clang 1.3-2 72.60 NOTE
r-devel-linux-x86_64-fedora-gcc 1.3-2 67.37 NOTE
r-devel-windows-x86_64 1.3-2 5.00 63.00 68.00 NOTE
r-patched-linux-x86_64 1.3-2 5.47 50.24 55.71 NOTE
r-release-linux-x86_64 1.3-2 4.36 49.55 53.91 NOTE
r-release-macos-arm64 1.3-2 23.00 NOTE
r-release-macos-x86_64 1.3-2 36.00 NOTE
r-release-windows-x86_64 1.3-2 6.00 67.00 73.00 NOTE
r-oldrel-macos-arm64 1.3-2 24.00 OK
r-oldrel-windows-x86_64 1.3-2 24.00 70.00 94.00 OK

Check Details

Version: 1.3-2
Check: package subdirectories
Result: NOTE Problems with news in ‘NEWS.md’: No news entries found. Flavors: r-devel-linux-x86_64-debian-clang, r-devel-linux-x86_64-debian-gcc, r-devel-linux-x86_64-fedora-clang, r-devel-linux-x86_64-fedora-gcc, r-devel-windows-x86_64, r-patched-linux-x86_64, r-release-linux-x86_64, r-release-macos-arm64, r-release-macos-x86_64, r-release-windows-x86_64